Last updated on 2025-11-03 12:49:52 CET.
| Flavor | Version | Tinstall | Tcheck | Ttotal | Status | Flags | 
|---|---|---|---|---|---|---|
| r-devel-linux-x86_64-debian-clang | 1.0.1 | 27.82 | 97.41 | 125.23 | NOTE | |
| r-devel-linux-x86_64-debian-gcc | 1.0.1 | 19.83 | 77.70 | 97.53 | NOTE | |
| r-devel-linux-x86_64-fedora-clang | 1.0.1 | 68.00 | 130.79 | 198.79 | OK | |
| r-devel-linux-x86_64-fedora-gcc | 1.0.1 | 87.00 | 121.98 | 208.98 | OK | |
| r-devel-windows-x86_64 | 1.0.1 | 31.00 | 122.00 | 153.00 | OK | |
| r-patched-linux-x86_64 | 1.0.1 | 29.07 | 96.74 | 125.81 | OK | |
| r-release-linux-x86_64 | 1.0.1 | 29.51 | 94.06 | 123.57 | OK | |
| r-release-macos-arm64 | 1.0.1 | 14.00 | 68.00 | 82.00 | OK | |
| r-release-macos-x86_64 | 1.0.1 | 24.00 | 117.00 | 141.00 | OK | |
| r-release-windows-x86_64 | 1.0.1 | 32.00 | 119.00 | 151.00 | OK | |
| r-oldrel-macos-arm64 | 1.0.1 | 12.00 | 62.00 | 74.00 | NOTE | |
| r-oldrel-macos-x86_64 | 1.0.1 | 17.00 | 81.00 | 98.00 | NOTE | |
| r-oldrel-windows-x86_64 | 1.0.1 | 37.00 | 152.00 | 189.00 | NOTE | 
Version: 1.0.1
Check: CRAN incoming feasibility
Result: NOTE
  Maintainer: ‘Frank Dondelinger <fdondelinger.work@gmail.com>’
  
  The Description field contains
    in detail in Dondelinger and Mukherjee (2017) <arXiv:1611.00953>.
  Please refer to arXiv e-prints via their arXiv DOI <doi:10.48550/arXiv.YYMM.NNNNN>.
Flavors: r-devel-linux-x86_64-debian-clang, r-devel-linux-x86_64-debian-gcc
Version: 1.0.1
Check: installed package size
Result: NOTE
    installed size is  7.3Mb
    sub-directories of 1Mb or more:
      libs   7.1Mb
Flavors: r-oldrel-macos-arm64, r-oldrel-macos-x86_64
Version: 1.0.1
Check: LazyData
Result: NOTE
    'LazyData' is specified without a 'data' directory
Flavors: r-oldrel-macos-arm64, r-oldrel-macos-x86_64, r-oldrel-windows-x86_64