Last updated on 2025-11-03 12:49:52 CET.
| Flavor | Version | Tinstall | Tcheck | Ttotal | Status | Flags | 
|---|---|---|---|---|---|---|
| r-devel-linux-x86_64-debian-clang | 3.2-0 | 10.32 | 234.48 | 244.80 | NOTE | |
| r-devel-linux-x86_64-debian-gcc | 3.2-0 | 6.92 | 141.83 | 148.75 | NOTE | |
| r-devel-linux-x86_64-fedora-clang | 3.2-0 | 38.00 | 364.78 | 402.78 | NOTE | |
| r-devel-linux-x86_64-fedora-gcc | 3.2-0 | 23.00 | 367.55 | 390.55 | NOTE | |
| r-devel-windows-x86_64 | 3.2-0 | 11.00 | 244.00 | 255.00 | NOTE | |
| r-patched-linux-x86_64 | 3.2-0 | 12.80 | 219.78 | 232.58 | NOTE | |
| r-release-linux-x86_64 | 3.2-0 | 8.89 | 220.19 | 229.08 | NOTE | |
| r-release-macos-arm64 | 3.2-0 | 4.00 | 88.00 | 92.00 | NOTE | |
| r-release-macos-x86_64 | 3.2-0 | 9.00 | 207.00 | 216.00 | NOTE | |
| r-release-windows-x86_64 | 3.2-0 | 11.00 | 240.00 | 251.00 | NOTE | |
| r-oldrel-macos-arm64 | 3.2-0 | 4.00 | 83.00 | 87.00 | NOTE | |
| r-oldrel-macos-x86_64 | 3.2-0 | 7.00 | 149.00 | 156.00 | NOTE | |
| r-oldrel-windows-x86_64 | 3.2-0 | 10.00 | 291.00 | 301.00 | NOTE | 
Version: 3.2-0
Check: CRAN incoming feasibility
Result: NOTE
  Maintainer: ‘Christoph Bergmeir <c.bergmeir@decsai.ugr.es>’
  
  No Authors@R field in DESCRIPTION.
  Please add one, modifying
    Authors@R: c(person(given = c("Lala", "Septem"),
                        family = "Riza",
                        role = "aut"),
                 person(given = "Christoph",
                        family = "Bergmeir",
                        role = c("aut", "cre"),
                        email = "c.bergmeir@decsai.ugr.es"),
                 person(given = "Francisco",
                        family = "Herrera",
                        role = "aut"),
                 person(given = c("Jose", "Manuel"),
                        family = "Benitez",
                        role = "aut"))
  as necessary.
  
  Package CITATION file contains call(s) to old-style personList() or
  as.personList().  Please use c() on person objects instead.
  Package CITATION file contains call(s) to old-style citEntry().  Please
  use bibentry() instead.
Flavors: r-devel-linux-x86_64-debian-clang, r-devel-linux-x86_64-debian-gcc
Version: 3.2-0
Check: Rd files
Result: NOTE
  checkRd: (-1) summary.frbs.Rd:32: Lost braces
      32 |                           \code{"GAUSSIAN"}, code{"TRIANGLE"}, \code{"TRAPEZOID"}, \code{"SIGMOID"}, and \code{"BELL"}.
         |                                                  ^
  checkRd: (-1) summary.frbs.Rd:60: Lost braces; missing escapes or markup?
      60 |          {4.0, 0.23, 0.43, 0.53, 0.73} on its column. It means that the label a.2 of variable v.1 
         |          ^
Flavors: r-devel-linux-x86_64-debian-clang, r-devel-linux-x86_64-debian-gcc, r-devel-linux-x86_64-fedora-clang, r-devel-linux-x86_64-fedora-gcc, r-devel-windows-x86_64, r-patched-linux-x86_64, r-release-linux-x86_64, r-release-macos-arm64, r-release-macos-x86_64, r-release-windows-x86_64, r-oldrel-macos-arm64, r-oldrel-macos-x86_64, r-oldrel-windows-x86_64