Last updated on 2024-06-14 00:53:42 CEST.
Flavor | Version | Tinstall | Tcheck | Ttotal | Status | Flags |
---|---|---|---|---|---|---|
r-devel-linux-x86_64-debian-clang | 1.1.1 | 52.14 | 167.72 | 219.86 | NOTE | |
r-devel-linux-x86_64-debian-gcc | 1.1.1 | 0.35 | 1.78 | 2.13 | ERROR | |
r-devel-linux-x86_64-fedora-clang | 1.1.1 | 289.18 | NOTE | |||
r-devel-linux-x86_64-fedora-gcc | 1.1.1 | 274.02 | NOTE | |||
r-devel-windows-x86_64 | 1.1.1 | 46.00 | 143.00 | 189.00 | NOTE | |
r-patched-linux-x86_64 | 1.1.1 | 47.10 | 157.67 | 204.77 | NOTE | |
r-release-linux-x86_64 | 1.1.1 | 46.86 | 162.85 | 209.71 | NOTE | |
r-release-macos-arm64 | 1.1.1 | 69.00 | NOTE | |||
r-release-macos-x86_64 | 1.1.1 | 99.00 | NOTE | |||
r-release-windows-x86_64 | 1.1.1 | 47.00 | 155.00 | 202.00 | NOTE | |
r-oldrel-macos-arm64 | 1.1.1 | 77.00 | NOTE | |||
r-oldrel-macos-x86_64 | 1.1.1 | 130.00 | NOTE | |||
r-oldrel-windows-x86_64 | 1.1.1 | 58.00 | 184.00 | 242.00 | NOTE |
Version: 1.1.1
Check: C++ specification
Result: NOTE
Specified C++11: please drop specification unless essential
Flavors: r-devel-linux-x86_64-debian-clang, r-devel-linux-x86_64-fedora-clang, r-devel-linux-x86_64-fedora-gcc, r-devel-windows-x86_64, r-patched-linux-x86_64, r-release-linux-x86_64, r-release-macos-arm64, r-release-macos-x86_64, r-release-windows-x86_64, r-oldrel-macos-arm64, r-oldrel-macos-x86_64, r-oldrel-windows-x86_64
Version: 1.1.1
Check: package dependencies
Result: ERROR
Packages required but not available:
'caret', 'solitude', 'C50', 'FactoMineR', 'dplyr', 'factoextra',
'ggplot2'
Package suggested but not available for checking: ‘testthat’
See section ‘The DESCRIPTION file’ in the ‘Writing R Extensions’
manual.
Flavor: r-devel-linux-x86_64-debian-gcc