Last updated on 2024-07-18 01:55:31 CEST.
Flavor | Version | Tinstall | Tcheck | Ttotal | Status | Flags |
---|---|---|---|---|---|---|
r-devel-linux-x86_64-debian-clang | 1.2.0 | 2.22 | 48.58 | 50.80 | OK | |
r-devel-linux-x86_64-debian-gcc | 1.2.0 | 2.42 | 35.73 | 38.15 | OK | |
r-devel-linux-x86_64-fedora-clang | 1.2.0 | 67.34 | NOTE | |||
r-devel-linux-x86_64-fedora-gcc | 1.2.0 | 60.39 | OK | |||
r-devel-windows-x86_64 | 1.2.0 | 3.00 | 51.00 | 54.00 | OK | |
r-patched-linux-x86_64 | 1.2.0 | 2.85 | 46.65 | 49.50 | OK | |
r-release-linux-x86_64 | 1.2.0 | 2.93 | 46.50 | 49.43 | OK | |
r-release-macos-arm64 | 1.2.0 | 21.00 | OK | |||
r-release-macos-x86_64 | 1.2.0 | 32.00 | OK | |||
r-release-windows-x86_64 | 1.2.0 | 3.00 | 53.00 | 56.00 | OK | |
r-oldrel-macos-arm64 | 1.2.0 | 23.00 | OK | |||
r-oldrel-macos-x86_64 | 1.2.0 | 32.00 | OK | |||
r-oldrel-windows-x86_64 | 1.2.0 | 3.00 | 57.00 | 60.00 | OK |
Version: 1.2.0
Check: Rd cross-references
Result: NOTE
Undeclared package ‘flip’ in Rd xrefs
Flavor: r-devel-linux-x86_64-fedora-clang