Last updated on 2025-07-04 00:50:03 CEST.
Flavor | Version | Tinstall | Tcheck | Ttotal | Status | Flags |
---|---|---|---|---|---|---|
r-devel-linux-x86_64-debian-clang | 1.1.4 | 6.81 | 55.37 | 62.18 | OK | |
r-devel-linux-x86_64-debian-gcc | 1.1.4 | 4.80 | 39.90 | 44.70 | OK | |
r-devel-linux-x86_64-fedora-clang | 1.1.4 | 95.66 | OK | |||
r-devel-linux-x86_64-fedora-gcc | 1.1.4 | 88.90 | OK | |||
r-devel-windows-x86_64 | 1.1.4 | 7.00 | 65.00 | 72.00 | OK | |
r-patched-linux-x86_64 | 1.1.4 | 6.40 | 50.24 | 56.64 | OK | |
r-release-linux-x86_64 | 1.1.4 | 5.95 | 50.37 | 56.32 | OK | |
r-release-macos-arm64 | 1.1.4 | 26.00 | OK | |||
r-release-macos-x86_64 | 1.1.4 | 48.00 | OK | |||
r-release-windows-x86_64 | 1.1.4 | 7.00 | 68.00 | 75.00 | OK | |
r-oldrel-macos-arm64 | 1.1.4 | 26.00 | NOTE | |||
r-oldrel-macos-x86_64 | 1.1.4 | 40.00 | NOTE | |||
r-oldrel-windows-x86_64 | 1.1.4 | 10.00 | 83.00 | 93.00 | NOTE |
Version: 1.1.4
Check: LazyData
Result: NOTE
'LazyData' is specified without a 'data' directory
Flavors: r-oldrel-macos-arm64, r-oldrel-macos-x86_64, r-oldrel-windows-x86_64