Last updated on 2024-06-14 00:53:41 CEST.
Flavor | Version | Tinstall | Tcheck | Ttotal | Status | Flags |
---|---|---|---|---|---|---|
r-devel-linux-x86_64-debian-clang | 1.1 | 3.73 | 34.58 | 38.31 | NOTE | |
r-devel-linux-x86_64-debian-gcc | 1.1 | 2.30 | 25.72 | 28.02 | NOTE | |
r-devel-linux-x86_64-fedora-clang | 1.1 | 47.21 | NOTE | |||
r-devel-linux-x86_64-fedora-gcc | 1.1 | 62.62 | NOTE | |||
r-devel-windows-x86_64 | 1.1 | 4.00 | 52.00 | 56.00 | OK | |
r-patched-linux-x86_64 | 1.1 | 4.23 | 33.44 | 37.67 | NOTE | |
r-release-linux-x86_64 | 1.1 | 3.64 | 31.67 | 35.31 | NOTE | |
r-release-macos-arm64 | 1.1 | 24.00 | OK | |||
r-release-macos-x86_64 | 1.1 | 38.00 | OK | |||
r-release-windows-x86_64 | 1.1 | 4.00 | 53.00 | 57.00 | OK | |
r-oldrel-macos-arm64 | 1.1 | 26.00 | OK | |||
r-oldrel-macos-x86_64 | 1.1 | 38.00 | OK | |||
r-oldrel-windows-x86_64 | 1.1 | 4.00 | 55.00 | 59.00 | OK |
Version: 1.1
Check: for non-standard things in the check directory
Result: NOTE
Found the following files/directories:
‘treesAll.txt’
Flavors: r-devel-linux-x86_64-debian-clang, r-devel-linux-x86_64-debian-gcc, r-devel-linux-x86_64-fedora-clang, r-devel-linux-x86_64-fedora-gcc, r-patched-linux-x86_64, r-release-linux-x86_64
Version: 1.1
Check: package dependencies
Result: NOTE
Package suggested but not available for checking: ‘mlr’
Flavor: r-devel-linux-x86_64-debian-gcc