Last updated on 2025-11-03 12:49:51 CET.
| Flavor | Version | Tinstall | Tcheck | Ttotal | Status | Flags | 
|---|---|---|---|---|---|---|
| r-devel-linux-x86_64-debian-clang | 0.1.21 | 3.14 | 40.26 | 43.40 | NOTE | |
| r-devel-linux-x86_64-debian-gcc | 0.1.21 | 2.62 | 29.80 | 32.42 | NOTE | |
| r-devel-linux-x86_64-fedora-clang | 0.1.21 | 64.08 | NOTE | |||
| r-devel-linux-x86_64-fedora-gcc | 0.1.21 | 105.10 | NOTE | |||
| r-devel-windows-x86_64 | 0.1.21 | 5.00 | 54.00 | 59.00 | OK | |
| r-patched-linux-x86_64 | 0.1.21 | 3.22 | 35.46 | 38.68 | NOTE | |
| r-release-linux-x86_64 | 0.1.21 | 2.97 | 36.09 | 39.06 | NOTE | |
| r-release-macos-arm64 | 0.1.21 | 2.00 | 51.00 | 53.00 | OK | |
| r-release-macos-x86_64 | 0.1.21 | 3.00 | 90.00 | 93.00 | OK | |
| r-release-windows-x86_64 | 0.1.21 | 5.00 | 54.00 | 59.00 | OK | |
| r-oldrel-macos-arm64 | 0.1.21 | 2.00 | 40.00 | 42.00 | NOTE | |
| r-oldrel-macos-x86_64 | 0.1.21 | 3.00 | 63.00 | 66.00 | NOTE | |
| r-oldrel-windows-x86_64 | 0.1.21 | 6.00 | 65.00 | 71.00 | NOTE | 
Version: 0.1.21
Check: CRAN incoming feasibility
Result: NOTE
  Maintainer: ‘Vincent Guyader <vincent@thinkr.fr>’
  
  No Authors@R field in DESCRIPTION.
  Please add one, modifying
    Authors@R: person(given = "Vincent",
                      family = "Guyader",
                      role = c("aut", "cre"),
                      email = "vincent@thinkr.fr")
  as necessary.
Flavors: r-devel-linux-x86_64-debian-clang, r-devel-linux-x86_64-debian-gcc
Version: 0.1.21
Check: for non-standard things in the check directory
Result: NOTE
  Found the following files/directories:
    ‘.Rprofile’
Flavors: r-devel-linux-x86_64-debian-clang, r-devel-linux-x86_64-debian-gcc, r-devel-linux-x86_64-fedora-clang, r-devel-linux-x86_64-fedora-gcc, r-patched-linux-x86_64, r-release-linux-x86_64
Version: 0.1.21
Check: LazyData
Result: NOTE
    'LazyData' is specified without a 'data' directory
Flavors: r-oldrel-macos-arm64, r-oldrel-macos-x86_64, r-oldrel-windows-x86_64