Last updated on 2025-07-04 00:50:03 CEST.
Flavor | Version | Tinstall | Tcheck | Ttotal | Status | Flags |
---|---|---|---|---|---|---|
r-devel-linux-x86_64-debian-clang | 0.5.1 | 22.32 | 91.50 | 113.82 | NOTE | |
r-devel-linux-x86_64-debian-gcc | 0.5.1 | 14.87 | 62.37 | 77.24 | NOTE | |
r-devel-linux-x86_64-fedora-clang | 0.5.1 | 177.28 | NOTE | |||
r-devel-linux-x86_64-fedora-gcc | 0.5.1 | 158.93 | NOTE | |||
r-devel-windows-x86_64 | 0.5.1 | 26.00 | 118.00 | 144.00 | NOTE | |
r-patched-linux-x86_64 | 0.5.1 | 22.06 | 78.76 | 100.82 | NOTE | |
r-release-linux-x86_64 | 0.5.1 | 21.06 | 79.75 | 100.81 | NOTE | |
r-release-macos-arm64 | 0.5.1 | 58.00 | NOTE | |||
r-release-macos-x86_64 | 0.5.1 | 104.00 | NOTE | |||
r-release-windows-x86_64 | 0.5.1 | 28.00 | 116.00 | 144.00 | NOTE | |
r-oldrel-macos-arm64 | 0.5.1 | 41.00 | NOTE | |||
r-oldrel-macos-x86_64 | 0.5.1 | 62.00 | NOTE | |||
r-oldrel-windows-x86_64 | 0.5.1 | 32.00 | 145.00 | 177.00 | NOTE |
Version: 0.5.1
Check: C++ specification
Result: NOTE
Specified C++11: please drop specification unless essential
Flavors: r-devel-linux-x86_64-debian-clang, r-devel-linux-x86_64-debian-gcc, r-devel-linux-x86_64-fedora-clang, r-devel-linux-x86_64-fedora-gcc, r-devel-windows-x86_64, r-patched-linux-x86_64, r-release-linux-x86_64, r-release-macos-arm64, r-release-macos-x86_64, r-release-windows-x86_64, r-oldrel-macos-arm64, r-oldrel-macos-x86_64, r-oldrel-windows-x86_64