Last updated on 2025-11-03 12:49:51 CET.
| Flavor | Version | Tinstall | Tcheck | Ttotal | Status | Flags | 
|---|---|---|---|---|---|---|
| r-devel-linux-x86_64-debian-clang | 1.0.4 | 42.07 | 85.19 | 127.26 | NOTE | |
| r-devel-linux-x86_64-debian-gcc | 1.0.4 | 29.83 | 57.76 | 87.59 | NOTE | |
| r-devel-linux-x86_64-fedora-clang | 1.0.4 | 99.00 | 122.67 | 221.67 | OK | |
| r-devel-linux-x86_64-fedora-gcc | 1.0.4 | 92.00 | 121.81 | 213.81 | OK | |
| r-devel-windows-x86_64 | 1.0.4 | 56.00 | 147.00 | 203.00 | OK | |
| r-patched-linux-x86_64 | 1.0.4 | 45.32 | 75.94 | 121.26 | OK | |
| r-release-linux-x86_64 | 1.0.4 | 43.08 | 75.96 | 119.04 | OK | |
| r-release-macos-arm64 | 1.0.4 | 15.00 | 52.00 | 67.00 | OK | |
| r-release-macos-x86_64 | 1.0.4 | 18.00 | 75.00 | 93.00 | OK | |
| r-release-windows-x86_64 | 1.0.4 | 59.00 | 142.00 | 201.00 | OK | |
| r-oldrel-macos-arm64 | 1.0.4 | 18.00 | 38.00 | 56.00 | NOTE | |
| r-oldrel-macos-x86_64 | 1.0.4 | 17.00 | 67.00 | 84.00 | NOTE | |
| r-oldrel-windows-x86_64 | 1.0.4 | 67.00 | 183.00 | 250.00 | OK | 
Version: 1.0.4
Check: CRAN incoming feasibility
Result: NOTE
  Maintainer: ‘Lampros Mouselimis <mouselimislampros@gmail.com>’
  
  The Description field contains
    Matthijs Douze, Herve Jegou, Tomas Mikolov, 2016, <arXiv:1612.03651>.
  Please refer to arXiv e-prints via their arXiv DOI <doi:10.48550/arXiv.YYMM.NNNNN>.
Flavors: r-devel-linux-x86_64-debian-clang, r-devel-linux-x86_64-debian-gcc
Version: 1.0.4
Check: installed package size
Result: NOTE
    installed size is  6.7Mb
    sub-directories of 1Mb or more:
      doc    1.7Mb
      libs   3.9Mb
Flavors: r-oldrel-macos-arm64, r-oldrel-macos-x86_64