Last updated on 2024-07-18 01:55:30 CEST.
Flavor | Version | Tinstall | Tcheck | Ttotal | Status | Flags |
---|---|---|---|---|---|---|
r-devel-linux-x86_64-debian-clang | 1.2.0 | 44.92 | 36.33 | 81.25 | NOTE | |
r-devel-linux-x86_64-debian-gcc | 1.2.0 | 24.39 | 30.05 | 54.44 | NOTE | |
r-devel-linux-x86_64-fedora-clang | 1.2.0 | 99.72 | NOTE | |||
r-devel-linux-x86_64-fedora-gcc | 1.2.0 | 109.60 | NOTE | |||
r-devel-windows-x86_64 | 1.2.0 | 30.00 | 68.00 | 98.00 | NOTE | |
r-patched-linux-x86_64 | 1.2.0 | 34.65 | 37.49 | 72.14 | NOTE | |
r-release-linux-x86_64 | 1.2.0 | 30.51 | 37.84 | 68.35 | NOTE | |
r-release-macos-arm64 | 1.2.0 | 28.00 | NOTE | |||
r-release-macos-x86_64 | 1.2.0 | 39.00 | NOTE | |||
r-release-windows-x86_64 | 1.2.0 | 30.00 | 68.00 | 98.00 | NOTE | |
r-oldrel-macos-arm64 | 1.2.0 | 29.00 | NOTE | |||
r-oldrel-macos-x86_64 | 1.2.0 | 50.00 | NOTE | |||
r-oldrel-windows-x86_64 | 1.2.0 | 37.00 | 77.00 | 114.00 | OK |
Version: 1.2.0
Check: Rd files
Result: NOTE
checkRd: (-1) eigen_compute_single_entry_of_diagonal_matrix.Rd:17: Lost braces; missing escapes or markup?
17 | The value of m^{-1}_{j,j}
| ^
checkRd: (-1) eigen_compute_single_entry_of_diagonal_matrix.Rd:17: Lost braces; missing escapes or markup?
17 | The value of m^{-1}_{j,j}
| ^
Flavors: r-devel-linux-x86_64-debian-clang, r-devel-linux-x86_64-debian-gcc, r-devel-linux-x86_64-fedora-clang, r-devel-linux-x86_64-fedora-gcc, r-devel-windows-x86_64, r-patched-linux-x86_64, r-release-linux-x86_64, r-release-macos-arm64, r-release-macos-x86_64, r-release-windows-x86_64
Version: 1.2.0
Check: installed package size
Result: NOTE
installed size is 7.8Mb
sub-directories of 1Mb or more:
libs 7.6Mb
Flavors: r-release-macos-arm64, r-release-macos-x86_64, r-oldrel-macos-arm64, r-oldrel-macos-x86_64