Last updated on 2024-08-17 02:48:13 CEST.
Flavor | Version | Tinstall | Tcheck | Ttotal | Status | Flags |
---|---|---|---|---|---|---|
r-devel-linux-x86_64-debian-clang | 1.1 | 9.06 | 81.91 | 90.97 | NOTE | |
r-devel-linux-x86_64-debian-gcc | 1.1 | 8.22 | 58.55 | 66.77 | NOTE | |
r-devel-linux-x86_64-fedora-clang | 1.1 | 146.29 | NOTE | |||
r-devel-linux-x86_64-fedora-gcc | 1.1 | 141.89 | NOTE | |||
r-devel-windows-x86_64 | 1.1 | 13.00 | 94.00 | 107.00 | OK | |
r-patched-linux-x86_64 | 1.1 | 9.77 | 76.99 | 86.76 | NOTE | |
r-release-linux-x86_64 | 1.1 | 9.43 | 77.19 | 86.62 | NOTE | |
r-release-macos-arm64 | 1.1 | 43.00 | OK | |||
r-release-macos-x86_64 | 1.1 | 68.00 | OK | |||
r-release-windows-x86_64 | 1.1 | 13.00 | 93.00 | 106.00 | OK | |
r-oldrel-macos-arm64 | 1.1 | 45.00 | OK | |||
r-oldrel-macos-x86_64 | 1.1 | 73.00 | OK | |||
r-oldrel-windows-x86_64 | 1.1 | 16.00 | 115.00 | 131.00 | OK |
Version: 1.1
Check: for non-standard things in the check directory
Result: NOTE
Found the following files/directories:
‘sample .nwk’
Flavors: r-devel-linux-x86_64-debian-clang, r-devel-linux-x86_64-debian-gcc, r-devel-linux-x86_64-fedora-clang, r-devel-linux-x86_64-fedora-gcc, r-patched-linux-x86_64, r-release-linux-x86_64