Last updated on 2025-11-03 12:49:51 CET.
| Flavor | Version | Tinstall | Tcheck | Ttotal | Status | Flags | 
|---|---|---|---|---|---|---|
| r-devel-linux-x86_64-debian-clang | 1.1 | 10.56 | 84.95 | 95.51 | NOTE | |
| r-devel-linux-x86_64-debian-gcc | 1.1 | 7.67 | 62.46 | 70.13 | NOTE | |
| r-devel-linux-x86_64-fedora-clang | 1.1 | 23.00 | 124.06 | 147.06 | NOTE | |
| r-devel-linux-x86_64-fedora-gcc | 1.1 | 23.00 | 118.41 | 141.41 | NOTE | |
| r-devel-windows-x86_64 | 1.1 | 14.00 | 95.00 | 109.00 | OK | |
| r-patched-linux-x86_64 | 1.1 | 9.16 | 82.59 | 91.75 | NOTE | |
| r-release-linux-x86_64 | 1.1 | 10.09 | 81.76 | 91.85 | NOTE | |
| r-release-macos-arm64 | 1.1 | 6.00 | 48.00 | 54.00 | OK | |
| r-release-macos-x86_64 | 1.1 | 11.00 | 80.00 | 91.00 | OK | |
| r-release-windows-x86_64 | 1.1 | 12.00 | 93.00 | 105.00 | OK | |
| r-oldrel-macos-arm64 | 1.1 | 5.00 | 38.00 | 43.00 | OK | |
| r-oldrel-macos-x86_64 | 1.1 | 10.00 | 58.00 | 68.00 | OK | |
| r-oldrel-windows-x86_64 | 1.1 | 17.00 | 118.00 | 135.00 | OK | 
Version: 1.1
Check: CRAN incoming feasibility
Result: NOTE
  Maintainer: ‘Heath Blackmon <coleoguy@gmail.com>’
  
  No Authors@R field in DESCRIPTION.
  Please add one, modifying
    Authors@R: c(person(given = "Heath",
                        family = "Blackmon",
                        role = c("aut", "cre"),
                        email = "coleoguy@gmail.com"),
                 person(given = c("Richard", "H."),
                        family = "Adams",
                        role = "aut"))
  as necessary.
  
  Found the following \keyword or \concept entries
  which likely give several index terms:
    File ‘SuperMatrix.Rd’:
      \keyword{ SuperMatrix, concatenation, alignment }
Flavors: r-devel-linux-x86_64-debian-clang, r-devel-linux-x86_64-debian-gcc
Version: 1.1
Check: for non-standard things in the check directory
Result: NOTE
  Found the following files/directories:
    ‘sample .nwk’
Flavors: r-devel-linux-x86_64-debian-clang, r-devel-linux-x86_64-debian-gcc, r-devel-linux-x86_64-fedora-clang, r-devel-linux-x86_64-fedora-gcc, r-patched-linux-x86_64, r-release-linux-x86_64