Last updated on 2024-07-18 01:55:30 CEST.
Flavor | Version | Tinstall | Tcheck | Ttotal | Status | Flags |
---|---|---|---|---|---|---|
r-devel-linux-x86_64-debian-clang | 1.3.2 | 8.71 | 93.72 | 102.43 | OK | |
r-devel-linux-x86_64-debian-gcc | 1.3.2 | 6.55 | 67.31 | 73.86 | OK | |
r-devel-linux-x86_64-fedora-clang | 1.3.2 | 125.77 | NOTE | |||
r-devel-linux-x86_64-fedora-gcc | 1.3.2 | 116.04 | OK | |||
r-devel-windows-x86_64 | 1.3.2 | 9.00 | 82.00 | 91.00 | OK | |
r-patched-linux-x86_64 | 1.3.2 | 8.23 | 85.73 | 93.96 | OK | |
r-release-linux-x86_64 | 1.3.2 | 7.81 | 89.29 | 97.10 | OK | |
r-release-macos-arm64 | 1.3.2 | 34.00 | OK | |||
r-release-macos-x86_64 | 1.3.2 | 52.00 | OK | |||
r-release-windows-x86_64 | 1.3.2 | 8.00 | 90.00 | 98.00 | OK | |
r-oldrel-macos-arm64 | 1.3.2 | 38.00 | OK | |||
r-oldrel-macos-x86_64 | 1.3.2 | 64.00 | OK | |||
r-oldrel-windows-x86_64 | 1.3.2 | 11.00 | 96.00 | 107.00 | OK |
Version: 1.3.2
Check: Rd cross-references
Result: NOTE
Undeclared packages ‘Kendall’, ‘geoR’ in Rd xrefs
Flavor: r-devel-linux-x86_64-fedora-clang