Last updated on 2024-06-14 00:53:40 CEST.
Flavor | Version | Tinstall | Tcheck | Ttotal | Status | Flags |
---|---|---|---|---|---|---|
r-devel-linux-x86_64-debian-clang | 0.2.1 | 4.12 | 97.99 | 102.11 | OK | |
r-devel-linux-x86_64-debian-gcc | 0.2.1 | 0.39 | 1.69 | 2.08 | ERROR | |
r-devel-linux-x86_64-fedora-clang | 0.2.1 | 127.07 | OK | |||
r-devel-linux-x86_64-fedora-gcc | 0.2.1 | 131.99 | OK | |||
r-devel-windows-x86_64 | 0.2.1 | 5.00 | 95.00 | 100.00 | OK | |
r-patched-linux-x86_64 | 0.2.1 | 5.34 | 94.81 | 100.15 | OK | |
r-release-linux-x86_64 | 0.2.1 | 4.78 | 95.39 | 100.17 | OK | |
r-release-macos-arm64 | 0.2.1 | 54.00 | OK | |||
r-release-macos-x86_64 | 0.2.1 | 73.00 | OK | |||
r-release-windows-x86_64 | 0.2.1 | 6.00 | 95.00 | 101.00 | OK | |
r-oldrel-macos-arm64 | 0.2.1 | 55.00 | OK | |||
r-oldrel-macos-x86_64 | 0.2.1 | 74.00 | OK | |||
r-oldrel-windows-x86_64 | 0.2.1 | 6.00 | 113.00 | 119.00 | OK |
Version: 0.2.1
Check: package dependencies
Result: ERROR
Packages required but not available: 'reshape2', 'bipartite'
Packages suggested but not available for checking:
'igraph', 'readr', 'testthat', 'vdiffr'
See section ‘The DESCRIPTION file’ in the ‘Writing R Extensions’
manual.
Flavor: r-devel-linux-x86_64-debian-gcc