Last updated on 2025-11-03 12:49:50 CET.
| Flavor | Version | Tinstall | Tcheck | Ttotal | Status | Flags | 
|---|---|---|---|---|---|---|
| r-devel-linux-x86_64-debian-clang | 1.0.1 | 8.54 | 73.82 | 82.36 | NOTE | |
| r-devel-linux-x86_64-debian-gcc | 1.0.1 | 6.79 | 55.29 | 62.08 | NOTE | |
| r-devel-linux-x86_64-fedora-clang | 1.0.1 | 17.00 | 113.17 | 130.17 | OK | |
| r-devel-linux-x86_64-fedora-gcc | 1.0.1 | 25.00 | 100.81 | 125.81 | OK | |
| r-devel-windows-x86_64 | 1.0.1 | 10.00 | 81.00 | 91.00 | OK | |
| r-patched-linux-x86_64 | 1.0.1 | 7.89 | 72.81 | 80.70 | OK | |
| r-release-linux-x86_64 | 1.0.1 | 7.72 | 72.42 | 80.14 | OK | |
| r-release-macos-arm64 | 1.0.1 | 6.00 | 51.00 | 57.00 | OK | |
| r-release-macos-x86_64 | 1.0.1 | 8.00 | 76.00 | 84.00 | OK | |
| r-release-windows-x86_64 | 1.0.1 | 11.00 | 87.00 | 98.00 | OK | |
| r-oldrel-macos-arm64 | 1.0.1 | 4.00 | 34.00 | 38.00 | OK | |
| r-oldrel-macos-x86_64 | 1.0.1 | 6.00 | 59.00 | 65.00 | OK | |
| r-oldrel-windows-x86_64 | 1.0.1 | 13.00 | 104.00 | 117.00 | OK | 
Version: 1.0.1
Check: CRAN incoming feasibility
Result: NOTE
  Maintainer: ‘"Hsiang Hao, Chen" <kbman1101@gmail.com>’
  
  No Authors@R field in DESCRIPTION.
  Please add one, modifying
    Authors@R: c(person(given = "Hsiang",
                        family = "Hao",
                        role = "aut"),
                 person(family = "Chen",
                        role = "aut"),
                 person(given = "\"Hsiang",
                        family = "Hao",
                        role = "cre"),
                 person(family = "Chen\"",
                        role = "cre",
                        email = "kbman1101@gmail.com"))
  as necessary.
Flavors: r-devel-linux-x86_64-debian-clang, r-devel-linux-x86_64-debian-gcc