Last updated on 2024-07-18 01:55:29 CEST.
Flavor | Version | Tinstall | Tcheck | Ttotal | Status | Flags |
---|---|---|---|---|---|---|
r-devel-linux-x86_64-debian-clang | 2.0 | 35.17 | 47.71 | 82.88 | OK | |
r-devel-linux-x86_64-debian-gcc | 2.0 | 26.26 | 35.99 | 62.25 | OK | |
r-devel-linux-x86_64-fedora-clang | 2.0 | 118.98 | NOTE | |||
r-devel-linux-x86_64-fedora-gcc | 2.0 | 114.58 | OK | |||
r-devel-windows-x86_64 | 2.0 | 32.00 | 78.00 | 110.00 | OK | |
r-patched-linux-x86_64 | 2.0 | 34.67 | 45.35 | 80.02 | OK | |
r-release-linux-x86_64 | 2.0 | 28.39 | 46.26 | 74.65 | OK | |
r-release-macos-arm64 | 2.0 | 32.00 | OK | |||
r-release-macos-x86_64 | 2.0 | 40.00 | OK | |||
r-release-windows-x86_64 | 2.0 | 32.00 | 79.00 | 111.00 | OK | |
r-oldrel-macos-arm64 | 2.0 | 40.00 | OK | |||
r-oldrel-macos-x86_64 | 2.0 | 93.00 | OK | |||
r-oldrel-windows-x86_64 | 2.0 | 39.00 | 88.00 | 127.00 | OK |
Version: 2.0
Check: Rd cross-references
Result: NOTE
Undeclared package ‘CausalImpact’ in Rd xrefs
Flavor: r-devel-linux-x86_64-fedora-clang