Last updated on 2024-07-18 01:55:29 CEST.
Flavor | Version | Tinstall | Tcheck | Ttotal | Status | Flags |
---|---|---|---|---|---|---|
r-devel-linux-x86_64-debian-clang | 1.2-16 | 16.48 | 67.80 | 84.28 | NOTE | |
r-devel-linux-x86_64-debian-gcc | 1.2-16 | 12.08 | 47.84 | 59.92 | NOTE | |
r-devel-linux-x86_64-fedora-clang | 1.2-16 | 105.39 | NOTE | |||
r-devel-linux-x86_64-fedora-gcc | 1.2-16 | 102.18 | NOTE | |||
r-devel-windows-x86_64 | 1.2-16 | 18.00 | 82.00 | 100.00 | NOTE | |
r-patched-linux-x86_64 | 1.2-16 | 16.25 | 63.50 | 79.75 | NOTE | |
r-release-linux-x86_64 | 1.2-16 | 14.28 | 63.20 | 77.48 | NOTE | |
r-release-macos-arm64 | 1.2-16 | 31.00 | NOTE | |||
r-release-macos-x86_64 | 1.2-16 | 46.00 | NOTE | |||
r-release-windows-x86_64 | 1.2-16 | 17.00 | 83.00 | 100.00 | NOTE | |
r-oldrel-macos-arm64 | 1.2-16 | 34.00 | OK | |||
r-oldrel-macos-x86_64 | 1.2-16 | 85.00 | OK | |||
r-oldrel-windows-x86_64 | 1.2-16 | 19.00 | 90.00 | 109.00 | OK |
Version: 1.2-16
Check: Rd files
Result: NOTE
checkRd: (-1) predict.dynaTree.Rd:107: Lost braces
107 | For \code{coef} a new \R{XXc} field is created so as not to trample
| ^
Flavors: r-devel-linux-x86_64-debian-clang, r-devel-linux-x86_64-debian-gcc, r-devel-linux-x86_64-fedora-clang, r-devel-linux-x86_64-fedora-gcc, r-devel-windows-x86_64, r-patched-linux-x86_64, r-release-linux-x86_64, r-release-macos-arm64, r-release-macos-x86_64, r-release-windows-x86_64