Last updated on 2025-07-06 13:49:08 CEST.
Flavor | Version | Tinstall | Tcheck | Ttotal | Status | Flags |
---|---|---|---|---|---|---|
r-devel-linux-x86_64-debian-clang | 2.0.3 | 3.71 | 64.08 | 67.79 | NOTE | |
r-devel-linux-x86_64-debian-gcc | 2.0.3 | 2.99 | 46.35 | 49.34 | ERROR | |
r-devel-linux-x86_64-fedora-clang | 2.0.3 | 103.21 | NOTE | |||
r-devel-linux-x86_64-fedora-gcc | 2.0.3 | 111.50 | NOTE | |||
r-devel-windows-x86_64 | 2.0.3 | 6.00 | 87.00 | 93.00 | NOTE | |
r-patched-linux-x86_64 | 2.0.3 | 4.81 | 57.81 | 62.62 | NOTE | |
r-release-linux-x86_64 | 2.0.3 | 4.09 | 57.99 | 62.08 | NOTE | |
r-release-macos-arm64 | 2.0.3 | 72.00 | NOTE | |||
r-release-macos-x86_64 | 2.0.3 | 86.00 | NOTE | |||
r-release-windows-x86_64 | 2.0.3 | 7.00 | 83.00 | 90.00 | NOTE | |
r-oldrel-macos-arm64 | 2.0.3 | 51.00 | OK | |||
r-oldrel-macos-x86_64 | 2.0.3 | 73.00 | OK | |||
r-oldrel-windows-x86_64 | 2.0.3 | 8.00 | 103.00 | 111.00 | OK |
Version: 2.0.3
Check: DESCRIPTION meta-information
Result: NOTE
Missing dependency on R >= 4.2.0 because package code uses the pipe
placeholder syntax added in R 4.2.0.
File(s) using such syntax:
‘utils.R’
Flavors: r-devel-linux-x86_64-debian-clang, r-devel-linux-x86_64-debian-gcc, r-devel-linux-x86_64-fedora-clang, r-devel-linux-x86_64-fedora-gcc, r-devel-windows-x86_64, r-patched-linux-x86_64, r-release-linux-x86_64, r-release-macos-arm64, r-release-macos-x86_64, r-release-windows-x86_64
Version: 2.0.3
Check: re-building of vignette outputs
Result: ERROR
Error(s) in re-building vignettes:
...
--- re-building ‘editing.Rmd’ using rmarkdown
--- finished re-building ‘editing.Rmd’
--- re-building ‘real-data.Rmd’ using rmarkdown
trying URL 'https://data.canadensys.net/ipt/archive.do?r=vascan&v=37.12'
downloaded 1.8 MB
Quitting from real-data.Rmd:70-79 [download-unzip]
~~~~~~~~~~~~~~~~~~~~~~~~~~~~~~~~~~~~~~~~~~~~~~~~~~~~~~~~~~~~~~~~~~~~~~~~~~~~~~~~~~~~~~~~~~~~~~~~~~~~~~~~~~~~~~~~~~~~~~~~~~~~~~~~~~~~~~~~~~~~
<error/rlang_error>
Error in `download.file()`:
! download from 'https://data.canadensys.net/ipt/archive.do?r=vascan&v=37.12' failed
---
Backtrace:
▆
1. └─utils::download.file(url = vascan_url, destfile = temp_zip, mode = "wb")
~~~~~~~~~~~~~~~~~~~~~~~~~~~~~~~~~~~~~~~~~~~~~~~~~~~~~~~~~~~~~~~~~~~~~~~~~~~~~~~~~~~~~~~~~~~~~~~~~~~~~~~~~~~~~~~~~~~~~~~~~~~~~~~~~~~~~~~~~~~~
Error: processing vignette 'real-data.Rmd' failed with diagnostics:
download from 'https://data.canadensys.net/ipt/archive.do?r=vascan&v=37.12' failed
--- failed re-building ‘real-data.Rmd’
--- re-building ‘validation.Rmd’ using rmarkdown
--- finished re-building ‘validation.Rmd’
--- re-building ‘what-is-dwc.Rmd’ using rmarkdown
--- finished re-building ‘what-is-dwc.Rmd’
SUMMARY: processing the following file failed:
‘real-data.Rmd’
Error: Vignette re-building failed.
Execution halted
Flavor: r-devel-linux-x86_64-debian-gcc