Last updated on 2025-11-03 12:49:50 CET.
| Flavor | Version | Tinstall | Tcheck | Ttotal | Status | Flags | 
|---|---|---|---|---|---|---|
| r-devel-linux-x86_64-debian-clang | 0.1.3 | 15.19 | 52.45 | 67.64 | NOTE | |
| r-devel-linux-x86_64-debian-gcc | 0.1.3 | 11.82 | 37.70 | 49.52 | NOTE | |
| r-devel-linux-x86_64-fedora-clang | 0.1.3 | 37.00 | 68.49 | 105.49 | OK | |
| r-devel-linux-x86_64-fedora-gcc | 0.1.3 | 39.00 | 62.70 | 101.70 | OK | |
| r-devel-windows-x86_64 | 0.1.3 | 20.00 | 76.00 | 96.00 | OK | |
| r-patched-linux-x86_64 | 0.1.3 | 16.17 | 47.43 | 63.60 | OK | |
| r-release-linux-x86_64 | 0.1.3 | 14.43 | 47.24 | 61.67 | OK | |
| r-release-macos-arm64 | 0.1.3 | 8.00 | 29.00 | 37.00 | OK | |
| r-release-macos-x86_64 | 0.1.3 | 17.00 | 51.00 | 68.00 | OK | |
| r-release-windows-x86_64 | 0.1.3 | 20.00 | 73.00 | 93.00 | OK | |
| r-oldrel-macos-arm64 | 0.1.3 | 9.00 | 26.00 | 35.00 | OK | |
| r-oldrel-macos-x86_64 | 0.1.3 | 21.00 | 70.00 | 91.00 | OK | |
| r-oldrel-windows-x86_64 | 0.1.3 | 25.00 | 96.00 | 121.00 | OK | 
Version: 0.1.3
Check: CRAN incoming feasibility
Result: NOTE
  Maintainer: ‘Dirk Eddelbuettel <edd@debian.org>’
  
  No Authors@R field in DESCRIPTION.
  Please add one, modifying
    Authors@R: c(person(given = "Dirk",
                        family = "Eddelbuettel",
                        role = c("aut", "cre"),
                        email = "edd@debian.org"),
                 person(given = "Leonardo",
                        family = "Silvestri",
                        role = "aut"))
  as necessary.
Flavors: r-devel-linux-x86_64-debian-clang, r-devel-linux-x86_64-debian-gcc