Last updated on 2025-11-05 00:49:29 CET.
| Flavor | Version | Tinstall | Tcheck | Ttotal | Status | Flags |
|---|---|---|---|---|---|---|
| r-devel-linux-x86_64-debian-clang | 1.0.2 | 2.89 | 43.56 | 46.45 | OK | |
| r-devel-linux-x86_64-debian-gcc | 1.0.2 | 2.49 | 32.81 | 35.30 | OK | |
| r-devel-linux-x86_64-fedora-clang | 1.0.2 | 13.00 | 65.91 | 78.91 | OK | |
| r-devel-linux-x86_64-fedora-gcc | 1.0.2 | 13.00 | 706.48 | 719.48 | OK | |
| r-devel-windows-x86_64 | 1.0.2 | 5.00 | 69.00 | 74.00 | OK | |
| r-patched-linux-x86_64 | 1.0.2 | 3.11 | 41.40 | 44.51 | OK | |
| r-release-linux-x86_64 | 1.0.2 | 2.59 | 41.47 | 44.06 | OK | |
| r-release-macos-arm64 | 1.0.2 | 2.00 | 395.00 | 397.00 | OK | |
| r-release-macos-x86_64 | 1.0.2 | 3.00 | 913.00 | 916.00 | OK | |
| r-release-windows-x86_64 | 1.0.2 | 5.00 | 67.00 | 72.00 | OK | |
| r-oldrel-macos-arm64 | 1.0.2 | 2.00 | 226.00 | 228.00 | NOTE | |
| r-oldrel-macos-x86_64 | 1.0.2 | 4.00 | 514.00 | 518.00 | NOTE | |
| r-oldrel-windows-x86_64 | 1.0.2 | 6.00 | 81.00 | 87.00 | NOTE |
Version: 1.0.2
Check: package dependencies
Result: NOTE
Packages suggested but not available for checking: 'dsBase', 'dsBaseClient'
Flavors: r-oldrel-macos-arm64, r-oldrel-macos-x86_64
Version: 1.0.2
Check: package dependencies
Result: NOTE
Package suggested but not available for checking: 'dsBaseClient'
Flavor: r-oldrel-windows-x86_64