Last updated on 2024-06-14 00:53:40 CEST.
Flavor | Version | Tinstall | Tcheck | Ttotal | Status | Flags |
---|---|---|---|---|---|---|
r-devel-linux-x86_64-debian-clang | 2.0.3 | 19.06 | 320.36 | 339.42 | NOTE | |
r-devel-linux-x86_64-debian-gcc | 2.0.3 | 15.82 | 87.69 | 103.51 | ERROR | |
r-devel-linux-x86_64-fedora-clang | 2.0.3 | 397.58 | NOTE | |||
r-devel-linux-x86_64-fedora-gcc | 2.0.3 | 383.81 | NOTE | |||
r-devel-windows-x86_64 | 2.0.3 | 16.00 | 224.00 | 240.00 | NOTE | |
r-patched-linux-x86_64 | 2.0.3 | 17.76 | 303.73 | 321.49 | NOTE | |
r-release-linux-x86_64 | 2.0.3 | 16.47 | 304.00 | 320.47 | NOTE | |
r-release-macos-arm64 | 2.0.3 | 89.00 | NOTE | |||
r-release-macos-x86_64 | 2.0.3 | 172.00 | NOTE | |||
r-release-windows-x86_64 | 2.0.3 | 15.00 | 227.00 | 242.00 | NOTE | |
r-oldrel-macos-arm64 | 2.0.3 | 92.00 | OK | |||
r-oldrel-macos-x86_64 | 2.0.3 | 183.00 | OK | |||
r-oldrel-windows-x86_64 | 2.0.3 | 15.00 | 277.00 | 292.00 | OK |
Version: 2.0.3
Check: Rd files
Result: NOTE
checkRd: (-1) logistic2_fn.Rd:34: Lost braces; missing escapes or markup?
34 | This function allows values other than {0, 1, -1} for \code{alpha} and \code{delta} but
| ^
checkRd: (-1) loglogistic2_fn.Rd:35: Lost braces; missing escapes or markup?
35 | This function allows values other than {0, 1, -1} for \code{alpha} and \code{delta} but
| ^
Flavors: r-devel-linux-x86_64-debian-clang, r-devel-linux-x86_64-debian-gcc, r-devel-linux-x86_64-fedora-clang, r-devel-linux-x86_64-fedora-gcc, r-devel-windows-x86_64, r-patched-linux-x86_64, r-release-linux-x86_64, r-release-macos-arm64, r-release-macos-x86_64, r-release-windows-x86_64
Version: 2.0.3
Check: package dependencies
Result: NOTE
Package suggested but not available for checking: ‘testthat’
Flavor: r-devel-linux-x86_64-debian-gcc
Version: 2.0.3
Check: tests
Result: ERROR
Running ‘spelling.R’ [0s/1s]
Running ‘testdata.R’ [0s/1s]
Running ‘testthat.R’ [0s/1s]
Running the tests in ‘tests/testthat.R’ failed.
Complete output:
> library(testthat)
Error in library(testthat) : there is no package called 'testthat'
Execution halted
Flavor: r-devel-linux-x86_64-debian-gcc