Last updated on 2025-11-03 12:49:50 CET.
| Flavor | Version | Tinstall | Tcheck | Ttotal | Status | Flags | 
|---|---|---|---|---|---|---|
| r-devel-linux-x86_64-debian-clang | 3.0-1 | 18.61 | 158.53 | 177.14 | NOTE | |
| r-devel-linux-x86_64-debian-gcc | 3.0-1 | 12.36 | 105.65 | 118.01 | NOTE | |
| r-devel-linux-x86_64-fedora-clang | 3.0-1 | 40.00 | 238.09 | 278.09 | NOTE | |
| r-devel-linux-x86_64-fedora-gcc | 3.0-1 | 42.00 | 223.60 | 265.60 | NOTE | |
| r-devel-windows-x86_64 | 3.0-1 | 22.00 | 184.00 | 206.00 | NOTE | |
| r-patched-linux-x86_64 | 3.0-1 | 20.40 | 149.72 | 170.12 | NOTE | |
| r-release-linux-x86_64 | 3.0-1 | 19.09 | 149.80 | 168.89 | NOTE | |
| r-release-macos-arm64 | 3.0-1 | 9.00 | 63.00 | 72.00 | NOTE | |
| r-release-macos-x86_64 | 3.0-1 | 17.00 | 108.00 | 125.00 | NOTE | |
| r-release-windows-x86_64 | 3.0-1 | 22.00 | 171.00 | 193.00 | NOTE | |
| r-oldrel-macos-arm64 | 3.0-1 | 8.00 | 55.00 | 63.00 | NOTE | |
| r-oldrel-macos-x86_64 | 3.0-1 | 12.00 | 84.00 | 96.00 | NOTE | |
| r-oldrel-windows-x86_64 | 3.0-1 | 30.00 | 215.00 | 245.00 | NOTE | 
Version: 3.0-1
Check: CRAN incoming feasibility
Result: NOTE
  Maintainer: ‘Christian Ritz <ritz@bioassay.dk>’
  
  No Authors@R field in DESCRIPTION.
  Please add one, modifying
    Authors@R: c(person(given = "Christian",
                        family = "Ritz",
                        role = c("aut", "cre"),
                        email = "ritz@bioassay.dk"),
                 person(given = c("Jens", "C."),
                        family = "Strebig",
                        role = "aut",
                        email = "streibig@bioassay.dk"))
  as necessary.
  
  Package CITATION file contains call(s) to old-style personList() or
  as.personList().  Please use c() on person objects instead.
  Package CITATION file contains call(s) to old-style citEntry().  Please
  use bibentry() instead.
Flavors: r-devel-linux-x86_64-debian-clang, r-devel-linux-x86_64-debian-gcc
Version: 3.0-1
Check: Rd files
Result: NOTE
  checkRd: (-1) EDcomp.Rd:88: Escaped LaTeX specials: \&
  checkRd: (-1) LL.4.Rd:44: Escaped LaTeX specials: \&
  checkRd: (-1) W4.Rd:37: Escaped LaTeX specials: \&
  checkRd: (-1) algae.Rd:32: Escaped LaTeX specials: \&
  checkRd: (-1) anova.drc.Rd:40: Escaped LaTeX specials: \&
  checkRd: (-1) deguelin.Rd:33: Escaped LaTeX specials: \&
  checkRd: (-1) gompertz.Rd:55: Escaped LaTeX specials: \&
  checkRd: (-1) hatvalues.drc.Rd:43: Lost braces
      43 |   emph{Generalized Linear Models}, 
         |       ^
  checkRd: (-1) hatvalues.drc.Rd:44: Escaped LaTeX specials: \&
  checkRd: (-1) llogistic.Rd:64: Escaped LaTeX specials: \&
  checkRd: (-1) modelFit.Rd:36: Escaped LaTeX specials: \&
  checkRd: (-1) weibull1.Rd:67: Escaped LaTeX specials: \&
Flavors: r-devel-linux-x86_64-debian-clang, r-devel-linux-x86_64-debian-gcc, r-devel-linux-x86_64-fedora-clang, r-devel-linux-x86_64-fedora-gcc, r-devel-windows-x86_64, r-patched-linux-x86_64, r-release-linux-x86_64, r-release-macos-arm64, r-release-macos-x86_64, r-release-windows-x86_64, r-oldrel-macos-arm64, r-oldrel-macos-x86_64, r-oldrel-windows-x86_64