Last updated on 2025-07-04 00:50:01 CEST.
Flavor | Version | Tinstall | Tcheck | Ttotal | Status | Flags |
---|---|---|---|---|---|---|
r-devel-linux-x86_64-debian-clang | 2.0.0 | 10.55 | 123.92 | 134.47 | NOTE | |
r-devel-linux-x86_64-debian-gcc | 2.0.0 | 7.40 | 86.71 | 94.11 | NOTE | |
r-devel-linux-x86_64-fedora-clang | 2.0.0 | 211.30 | NOTE | |||
r-devel-linux-x86_64-fedora-gcc | 2.0.0 | 202.64 | NOTE | |||
r-devel-windows-x86_64 | 2.0.0 | 13.00 | 122.00 | 135.00 | NOTE | |
r-patched-linux-x86_64 | 2.0.0 | 11.31 | 112.62 | 123.93 | NOTE | |
r-release-linux-x86_64 | 2.0.0 | 9.38 | 112.79 | 122.17 | NOTE | |
r-release-macos-arm64 | 2.0.0 | 71.00 | NOTE | |||
r-release-macos-x86_64 | 2.0.0 | 116.00 | NOTE | |||
r-release-windows-x86_64 | 2.0.0 | 13.00 | 122.00 | 135.00 | NOTE | |
r-oldrel-macos-arm64 | 2.0.0 | 57.00 | NOTE | |||
r-oldrel-macos-x86_64 | 2.0.0 | 92.00 | NOTE | |||
r-oldrel-windows-x86_64 | 2.0.0 | 16.00 | 159.00 | 175.00 | NOTE |
Version: 2.0.0
Check: Rd files
Result: NOTE
checkRd: (-1) confint.dr4pl.Rd:49: Escaped LaTeX specials: \&
checkRd: (-1) gof-dr4pl.Rd:40: Escaped LaTeX specials: \&
checkRd: (-1) vcov.dr4pl.Rd:61: Escaped LaTeX specials: \&
Flavors: r-devel-linux-x86_64-debian-clang, r-devel-linux-x86_64-debian-gcc, r-devel-linux-x86_64-fedora-clang, r-devel-linux-x86_64-fedora-gcc, r-devel-windows-x86_64, r-patched-linux-x86_64, r-release-linux-x86_64, r-release-macos-arm64, r-release-macos-x86_64, r-release-windows-x86_64, r-oldrel-macos-arm64, r-oldrel-macos-x86_64, r-oldrel-windows-x86_64