Last updated on 2025-11-03 12:49:50 CET.
| Flavor | Version | Tinstall | Tcheck | Ttotal | Status | Flags | 
|---|---|---|---|---|---|---|
| r-devel-linux-x86_64-debian-clang | 0.6.0 | 119.61 | 122.32 | 241.93 | OK | |
| r-devel-linux-x86_64-debian-gcc | 0.6.0 | 86.86 | 82.45 | 169.31 | OK | |
| r-devel-linux-x86_64-fedora-clang | 0.6.0 | 241.00 | 184.15 | 425.15 | OK | |
| r-devel-linux-x86_64-fedora-gcc | 0.6.0 | 250.00 | 171.21 | 421.21 | OK | |
| r-devel-windows-x86_64 | 0.6.0 | 136.00 | 135.00 | 271.00 | OK | |
| r-patched-linux-x86_64 | 0.6.0 | 127.23 | 112.86 | 240.09 | OK | |
| r-release-linux-x86_64 | 0.6.0 | 122.01 | 115.03 | 237.04 | OK | |
| r-release-macos-arm64 | 0.6.0 | 38.00 | 30.00 | 68.00 | OK | |
| r-release-macos-x86_64 | 0.6.0 | 54.00 | 65.00 | 119.00 | OK | |
| r-release-windows-x86_64 | 0.6.0 | 139.00 | 133.00 | 272.00 | OK | |
| r-oldrel-macos-arm64 | 0.6.0 | 43.00 | 41.00 | 84.00 | NOTE | |
| r-oldrel-macos-x86_64 | 0.6.0 | 47.00 | 75.00 | 122.00 | NOTE | |
| r-oldrel-windows-x86_64 | 0.6.0 | 168.00 | 175.00 | 343.00 | NOTE | 
Version: 0.6.0
Check: package dependencies
Result: NOTE
  Package suggested but not available for checking: ‘BOLTSSIRR’
Flavors: r-oldrel-macos-arm64, r-oldrel-macos-x86_64, r-oldrel-windows-x86_64
Version: 0.6.0
Check: installed package size
Result: NOTE
    installed size is 10.8Mb
    sub-directories of 1Mb or more:
      libs  10.1Mb
Flavors: r-oldrel-macos-arm64, r-oldrel-macos-x86_64