Last updated on 2025-11-03 12:49:50 CET.
| Flavor | Version | Tinstall | Tcheck | Ttotal | Status | Flags | 
|---|---|---|---|---|---|---|
| r-devel-linux-x86_64-debian-clang | 0.3.1 | 10.12 | 68.49 | 78.61 | OK | |
| r-devel-linux-x86_64-debian-gcc | 0.3.1 | 7.49 | 47.63 | 55.12 | OK | |
| r-devel-linux-x86_64-fedora-clang | 0.3.1 | 24.00 | 95.40 | 119.40 | NOTE | |
| r-devel-linux-x86_64-fedora-gcc | 0.3.1 | 22.00 | 90.51 | 112.51 | NOTE | |
| r-devel-windows-x86_64 | 0.3.1 | 11.00 | 78.00 | 89.00 | OK | |
| r-patched-linux-x86_64 | 0.3.1 | 9.37 | 64.34 | 73.71 | OK | |
| r-release-linux-x86_64 | 0.3.1 | 8.12 | 64.55 | 72.67 | OK | |
| r-release-macos-arm64 | 0.3.1 | 4.00 | 30.00 | 34.00 | OK | |
| r-release-macos-x86_64 | 0.3.1 | 7.00 | 49.00 | 56.00 | OK | |
| r-release-windows-x86_64 | 0.3.1 | 11.00 | 78.00 | 89.00 | OK | |
| r-oldrel-macos-arm64 | 0.3.1 | 3.00 | 26.00 | 29.00 | OK | |
| r-oldrel-macos-x86_64 | 0.3.1 | 5.00 | 40.00 | 45.00 | OK | |
| r-oldrel-windows-x86_64 | 0.3.1 | 15.00 | 97.00 | 112.00 | OK | 
Version: 0.3.1
Check: dependencies in R code
Result: NOTE
  Namespaces in Imports field not imported from:
    ‘gridExtra’ ‘plotly’ ‘pryr’ ‘rpart’
    All declared Imports should be used.
Flavors: r-devel-linux-x86_64-fedora-clang, r-devel-linux-x86_64-fedora-gcc