Last updated on 2025-11-03 12:49:49 CET.
| Flavor | Version | Tinstall | Tcheck | Ttotal | Status | Flags | 
|---|---|---|---|---|---|---|
| r-devel-linux-x86_64-debian-clang | 1.0.5 | 14.61 | 98.42 | 113.03 | NOTE | |
| r-devel-linux-x86_64-debian-gcc | 1.0.5 | 10.32 | 78.88 | 89.20 | NOTE | |
| r-devel-linux-x86_64-fedora-clang | 1.0.5 | 33.00 | 143.57 | 176.57 | OK | |
| r-devel-linux-x86_64-fedora-gcc | 1.0.5 | 29.00 | 138.91 | 167.91 | OK | |
| r-devel-windows-x86_64 | 1.0.5 | 14.00 | 97.00 | 111.00 | OK | |
| r-patched-linux-x86_64 | 1.0.5 | 14.96 | 90.70 | 105.66 | OK | |
| r-release-linux-x86_64 | 1.0.5 | 15.21 | 90.47 | 105.68 | OK | |
| r-release-macos-arm64 | 1.0.5 | 13.00 | 64.00 | 77.00 | OK | |
| r-release-macos-x86_64 | 1.0.5 | 36.00 | 195.00 | 231.00 | OK | |
| r-release-windows-x86_64 | 1.0.5 | 15.00 | 95.00 | 110.00 | OK | |
| r-oldrel-macos-arm64 | 1.0.5 | 8.00 | 46.00 | 54.00 | OK | |
| r-oldrel-macos-x86_64 | 1.0.5 | 11.00 | 63.00 | 74.00 | OK | |
| r-oldrel-windows-x86_64 | 1.0.5 | 18.00 | 120.00 | 138.00 | OK | 
Version: 1.0.5
Check: CRAN incoming feasibility
Result: NOTE
  Maintainer: ‘Filipe Campelo <fcampelo@ci.uc.pt>’
  
  No Authors@R field in DESCRIPTION.
  Please add one, modifying
    Authors@R: person(given = "Filipe",
                      family = "Campelo",
                      role = c("aut", "cre"),
                      email = "fcampelo@ci.uc.pt")
  as necessary.
Flavors: r-devel-linux-x86_64-debian-clang, r-devel-linux-x86_64-debian-gcc