Last updated on 2024-07-18 01:55:29 CEST.
Flavor | Version | Tinstall | Tcheck | Ttotal | Status | Flags |
---|---|---|---|---|---|---|
r-devel-linux-x86_64-debian-clang | 0.9.16 | 13.58 | 47.54 | 61.12 | NOTE | |
r-devel-linux-x86_64-debian-gcc | 0.9.16 | 10.35 | 35.16 | 45.51 | NOTE | |
r-devel-linux-x86_64-fedora-clang | 0.9.16 | 73.71 | NOTE | |||
r-devel-linux-x86_64-fedora-gcc | 0.9.16 | 73.52 | NOTE | |||
r-devel-windows-x86_64 | 0.9.16 | 16.00 | 60.00 | 76.00 | NOTE | |
r-patched-linux-x86_64 | 0.9.16 | 14.36 | 43.52 | 57.88 | NOTE | |
r-release-linux-x86_64 | 0.9.16 | 12.21 | 43.92 | 56.13 | NOTE | |
r-release-macos-arm64 | 0.9.16 | 24.00 | NOTE | |||
r-release-macos-x86_64 | 0.9.16 | 35.00 | NOTE | |||
r-release-windows-x86_64 | 0.9.16 | 15.00 | 60.00 | 75.00 | NOTE | |
r-oldrel-macos-arm64 | 0.9.16 | 25.00 | NOTE | |||
r-oldrel-macos-x86_64 | 0.9.16 | 38.00 | NOTE | |||
r-oldrel-windows-x86_64 | 0.9.16 | 16.00 | 62.00 | 78.00 | NOTE |
Version: 0.9.16
Check: package dependencies
Result: NOTE
Package suggested but not available for checking: ‘Rdonlp2’
Flavors: r-devel-linux-x86_64-debian-clang, r-devel-linux-x86_64-debian-gcc, r-devel-linux-x86_64-fedora-clang, r-devel-linux-x86_64-fedora-gcc, r-devel-windows-x86_64, r-patched-linux-x86_64, r-release-linux-x86_64, r-release-macos-arm64, r-release-macos-x86_64, r-release-windows-x86_64, r-oldrel-macos-arm64, r-oldrel-macos-x86_64, r-oldrel-windows-x86_64
Version: 0.9.16
Check: Rd files
Result: NOTE
checkRd: (-1) discrimination.Rd:19: Escaped LaTeX specials: \&
checkRd: (-1) fitdmm.Rd:59: Escaped LaTeX specials: \$
Flavors: r-devel-linux-x86_64-debian-clang, r-devel-linux-x86_64-debian-gcc, r-devel-linux-x86_64-fedora-clang, r-devel-linux-x86_64-fedora-gcc, r-devel-windows-x86_64, r-patched-linux-x86_64, r-release-linux-x86_64, r-release-macos-arm64, r-release-macos-x86_64, r-release-windows-x86_64, r-oldrel-macos-arm64, r-oldrel-macos-x86_64, r-oldrel-windows-x86_64