Last updated on 2025-07-04 00:50:01 CEST.
Flavor | Version | Tinstall | Tcheck | Ttotal | Status | Flags |
---|---|---|---|---|---|---|
r-devel-linux-x86_64-debian-clang | 3.1.1 | 57.84 | 335.25 | 393.09 | NOTE | |
r-devel-linux-x86_64-debian-gcc | 3.1.1 | 34.47 | 216.05 | 250.52 | NOTE | |
r-devel-linux-x86_64-fedora-clang | 3.1.1 | 638.93 | NOTE | |||
r-devel-linux-x86_64-fedora-gcc | 3.1.1 | 600.91 | NOTE | |||
r-devel-windows-x86_64 | 3.1.1 | 54.00 | 349.00 | 403.00 | NOTE | |
r-patched-linux-x86_64 | 3.1.1 | 53.39 | 314.45 | 367.84 | NOTE | |
r-release-linux-x86_64 | 3.1.1 | 52.84 | 316.20 | 369.04 | NOTE | |
r-release-macos-arm64 | 3.1.1 | 145.00 | NOTE | |||
r-release-macos-x86_64 | 3.1.1 | 269.00 | NOTE | |||
r-release-windows-x86_64 | 3.1.1 | 54.00 | 346.00 | 400.00 | NOTE | |
r-oldrel-macos-arm64 | 3.1.1 | 134.00 | NOTE | |||
r-oldrel-macos-x86_64 | 3.1.1 | 263.00 | NOTE | |||
r-oldrel-windows-x86_64 | 3.1.1 | 71.00 | 438.00 | 509.00 | NOTE |
Version: 3.1.1
Check: C++ specification
Result: NOTE
Specified C++11: please drop specification unless essential
Flavors: r-devel-linux-x86_64-debian-clang, r-devel-linux-x86_64-debian-gcc, r-devel-linux-x86_64-fedora-clang, r-devel-linux-x86_64-fedora-gcc, r-devel-windows-x86_64, r-patched-linux-x86_64, r-release-linux-x86_64, r-release-macos-arm64, r-release-macos-x86_64, r-release-windows-x86_64, r-oldrel-macos-arm64, r-oldrel-macos-x86_64, r-oldrel-windows-x86_64