CRAN Package Check Results for Package ddpca

Last updated on 2025-07-04 00:50:01 CEST.

Flavor Version Tinstall Tcheck Ttotal Status Flags
r-devel-linux-x86_64-debian-clang 1.1 7.78 75.43 83.21 NOTE
r-devel-linux-x86_64-debian-gcc 1.1 5.46 54.83 60.29 NOTE
r-devel-linux-x86_64-fedora-clang 1.1 126.18 OK
r-devel-linux-x86_64-fedora-gcc 1.1 120.87 OK
r-devel-windows-x86_64 1.1 8.00 82.00 90.00 OK
r-patched-linux-x86_64 1.1 7.85 71.30 79.15 OK
r-release-linux-x86_64 1.1 7.64 71.72 79.36 OK
r-release-macos-arm64 1.1 39.00 OK
r-release-macos-x86_64 1.1 85.00 OK
r-release-windows-x86_64 1.1 8.00 81.00 89.00 OK
r-oldrel-macos-arm64 1.1 35.00 OK
r-oldrel-macos-x86_64 1.1 53.00 OK
r-oldrel-windows-x86_64 1.1 12.00 106.00 118.00 OK

Check Details

Version: 1.1
Check: CRAN incoming feasibility
Result: NOTE Maintainer: ‘Fan Yang <fyang1@uchicago.edu>’ The Description field contains <arXiv:1906.00051>) by decomposing a large covariance matrix into a Please refer to arXiv e-prints via their arXiv DOI <doi:10.48550/arXiv.YYMM.NNNNN>. Flavors: r-devel-linux-x86_64-debian-clang, r-devel-linux-x86_64-debian-gcc