Last updated on 2024-07-18 01:55:29 CEST.
Flavor | Version | Tinstall | Tcheck | Ttotal | Status | Flags |
---|---|---|---|---|---|---|
r-devel-linux-x86_64-debian-clang | 2.3-2 | 31.55 | 209.22 | 240.77 | OK | |
r-devel-linux-x86_64-debian-gcc | 2.3-2 | 26.47 | 152.35 | 178.82 | OK | |
r-devel-linux-x86_64-fedora-clang | 2.3-2 | 315.94 | OK | |||
r-devel-linux-x86_64-fedora-gcc | 2.3-2 | 263.45 | OK | |||
r-devel-windows-x86_64 | 2.3-2 | 21.00 | 159.00 | 180.00 | NOTE | |
r-patched-linux-x86_64 | 2.3-2 | 40.63 | 201.42 | 242.05 | OK | |
r-release-linux-x86_64 | 2.3-2 | 26.48 | 203.94 | 230.42 | OK | |
r-release-macos-arm64 | 2.3-2 | 68.00 | NOTE | |||
r-release-macos-x86_64 | 2.3-2 | 135.00 | NOTE | |||
r-release-windows-x86_64 | 2.3-2 | 22.00 | 162.00 | 184.00 | NOTE | |
r-oldrel-macos-arm64 | 2.3-2 | 55.00 | NOTE | |||
r-oldrel-macos-x86_64 | 2.3-2 | 137.00 | NOTE | |||
r-oldrel-windows-x86_64 | 2.3-2 | 27.00 | 194.00 | 221.00 | NOTE |
Version: 2.3-2
Check: package dependencies
Result: NOTE
Package suggested but not available for checking: 'BRugs'
Flavors: r-devel-windows-x86_64, r-release-macos-arm64, r-release-macos-x86_64, r-release-windows-x86_64, r-oldrel-macos-arm64, r-oldrel-macos-x86_64, r-oldrel-windows-x86_64
Version: 2.3-2
Check: Rd cross-references
Result: NOTE
Found the following Rd file(s) with Rd \link{} targets missing package
anchors:
dcoptions.Rd: gelman.diag
Please provide package anchors for all Rd \link{} targets not in the
package itself and the base packages.
Flavor: r-devel-windows-x86_64