Last updated on 2025-11-03 12:49:49 CET.
| Flavor | Version | Tinstall | Tcheck | Ttotal | Status | Flags | 
|---|---|---|---|---|---|---|
| r-devel-linux-x86_64-debian-clang | 0.1.4 | 6.09 | 115.24 | 121.33 | NOTE | |
| r-devel-linux-x86_64-debian-gcc | 0.1.4 | 4.38 | 78.35 | 82.73 | NOTE | |
| r-devel-linux-x86_64-fedora-clang | 0.1.4 | 15.00 | 172.20 | 187.20 | NOTE | |
| r-devel-linux-x86_64-fedora-gcc | 0.1.4 | 14.00 | 176.18 | 190.18 | NOTE | |
| r-devel-windows-x86_64 | 0.1.4 | 10.00 | 125.00 | 135.00 | NOTE | |
| r-patched-linux-x86_64 | 0.1.4 | 5.36 | 106.96 | 112.32 | NOTE | |
| r-release-linux-x86_64 | 0.1.4 | 5.84 | 107.96 | 113.80 | NOTE | |
| r-release-macos-arm64 | 0.1.4 | 3.00 | 62.00 | 65.00 | NOTE | |
| r-release-macos-x86_64 | 0.1.4 | 7.00 | 110.00 | 117.00 | NOTE | |
| r-release-windows-x86_64 | 0.1.4 | 10.00 | 123.00 | 133.00 | NOTE | |
| r-oldrel-macos-arm64 | 0.1.4 | 3.00 | 48.00 | 51.00 | NOTE | |
| r-oldrel-macos-x86_64 | 0.1.4 | 4.00 | 81.00 | 85.00 | NOTE | |
| r-oldrel-windows-x86_64 | 0.1.4 | 13.00 | 161.00 | 174.00 | NOTE | 
Version: 0.1.4
Check: Rd files
Result: NOTE
  checkRd: (-1) processFlow.Rd:14: Lost braces
      14 | \item{roundDigits}{Integer. If NA, numerics are not rounded before comparison. If /code{roundDigits} is specified, numerics are 
         |                                                                                        ^
  checkRd: (-1) processFlow.Rd:15: Lost braces
      15 | rounded to /code{roundDigits} decimal places using \link[base]{round}.}
         |                 ^
Flavors: r-devel-linux-x86_64-debian-clang, r-devel-linux-x86_64-debian-gcc, r-devel-linux-x86_64-fedora-clang, r-devel-linux-x86_64-fedora-gcc, r-devel-windows-x86_64, r-patched-linux-x86_64, r-release-linux-x86_64, r-release-macos-arm64, r-release-macos-x86_64, r-release-windows-x86_64, r-oldrel-macos-arm64, r-oldrel-macos-x86_64, r-oldrel-windows-x86_64