Last updated on 2024-06-14 13:56:17 CEST.
Flavor | Version | Tinstall | Tcheck | Ttotal | Status | Flags |
---|---|---|---|---|---|---|
r-devel-linux-x86_64-debian-clang | 0.1.0 | 4.76 | 87.96 | 92.72 | NOTE | |
r-devel-linux-x86_64-debian-gcc | 0.1.0 | 4.05 | 65.05 | 69.10 | NOTE | |
r-devel-linux-x86_64-fedora-clang | 0.1.0 | 116.53 | NOTE | |||
r-devel-linux-x86_64-fedora-gcc | 0.1.0 | 122.02 | NOTE | |||
r-devel-windows-x86_64 | 0.1.0 | 6.00 | 77.00 | 83.00 | NOTE | |
r-patched-linux-x86_64 | 0.1.0 | 8.73 | 84.20 | 92.93 | NOTE | |
r-release-linux-x86_64 | 0.1.0 | 5.08 | 83.32 | 88.40 | NOTE | |
r-release-macos-arm64 | 0.1.0 | 41.00 | NOTE | |||
r-release-macos-x86_64 | 0.1.0 | 61.00 | NOTE | |||
r-release-windows-x86_64 | 0.1.0 | 7.00 | 77.00 | 84.00 | NOTE | |
r-oldrel-macos-arm64 | 0.1.0 | 40.00 | NOTE | |||
r-oldrel-macos-x86_64 | 0.1.0 | 68.00 | NOTE | |||
r-oldrel-windows-x86_64 | 0.1.0 | 7.00 | 91.00 | 98.00 | NOTE |
Version: 0.1.0
Check: LazyData
Result: NOTE
'LazyData' is specified without a 'data' directory
Flavors: r-devel-linux-x86_64-debian-clang, r-devel-linux-x86_64-debian-gcc, r-devel-linux-x86_64-fedora-clang, r-devel-linux-x86_64-fedora-gcc, r-devel-windows-x86_64, r-patched-linux-x86_64, r-release-linux-x86_64, r-release-macos-arm64, r-release-macos-x86_64, r-release-windows-x86_64, r-oldrel-macos-arm64, r-oldrel-macos-x86_64, r-oldrel-windows-x86_64