CRAN Package Check Results for Package ctypesio

Last updated on 2025-07-04 00:50:00 CEST.

Flavor Version Tinstall Tcheck Ttotal Status Flags
r-devel-linux-x86_64-debian-clang 0.1.2 3.18 32.51 35.69 NOTE
r-devel-linux-x86_64-debian-gcc 0.1.2 2.77 26.41 29.18 NOTE
r-devel-linux-x86_64-fedora-clang 0.1.2 56.77 NOTE
r-devel-linux-x86_64-fedora-gcc 0.1.2 66.27 NOTE
r-devel-windows-x86_64 0.1.2 6.00 63.00 69.00 NOTE
r-patched-linux-x86_64 0.1.2 4.00 30.66 34.66 NOTE
r-release-linux-x86_64 0.1.2 3.16 30.94 34.10 NOTE
r-release-macos-arm64 0.1.2 28.00 NOTE
r-release-macos-x86_64 0.1.2 52.00 NOTE
r-release-windows-x86_64 0.1.2 8.00 62.00 70.00 NOTE
r-oldrel-macos-arm64 0.1.2 39.00 OK
r-oldrel-macos-x86_64 0.1.2 84.00 OK
r-oldrel-windows-x86_64 0.1.2 8.00 66.00 74.00 OK

Check Details

Version: 0.1.2
Check: DESCRIPTION meta-information
Result: NOTE Missing dependency on R >= 4.1.0 because package code uses the pipe |> or function shorthand \(...) syntax added in R 4.1.0. File(s) using such syntax: ‘connection-config.R’ ‘read-float.R’ ‘read-hex.R’ Flavors: r-devel-linux-x86_64-debian-clang, r-devel-linux-x86_64-debian-gcc, r-devel-linux-x86_64-fedora-clang, r-devel-linux-x86_64-fedora-gcc, r-devel-windows-x86_64, r-patched-linux-x86_64, r-release-linux-x86_64, r-release-macos-arm64, r-release-macos-x86_64, r-release-windows-x86_64