Last updated on 2025-07-04 00:50:00 CEST.
Flavor | Version | Tinstall | Tcheck | Ttotal | Status | Flags |
---|---|---|---|---|---|---|
r-devel-linux-x86_64-debian-clang | 0.3.13 | 84.12 | 437.28 | 521.40 | OK | |
r-devel-linux-x86_64-debian-gcc | 0.3.13 | 39.27 | 257.33 | 296.60 | OK | |
r-devel-linux-x86_64-fedora-clang | 0.3.13 | 762.71 | OK | |||
r-devel-linux-x86_64-fedora-gcc | 0.3.13 | 747.43 | OK | |||
r-devel-windows-x86_64 | 0.3.13 | 55.00 | 582.00 | 637.00 | OK | |
r-patched-linux-x86_64 | 0.3.13 | 55.72 | 416.75 | 472.47 | OK | |
r-release-linux-x86_64 | 0.3.13 | 53.20 | 415.70 | 468.90 | OK | |
r-release-macos-arm64 | 0.3.13 | 253.00 | OK | |||
r-release-macos-x86_64 | 0.3.13 | 516.00 | OK | |||
r-release-windows-x86_64 | 0.3.13 | 54.00 | 579.00 | 633.00 | OK | |
r-oldrel-macos-arm64 | 0.3.13 | 219.00 | NOTE | |||
r-oldrel-macos-x86_64 | 0.3.13 | 484.00 | NOTE | |||
r-oldrel-windows-x86_64 | 0.3.13 | 70.00 | 730.00 | 800.00 | OK |
Version: 0.3.13
Check: installed package size
Result: NOTE
installed size is 10.4Mb
sub-directories of 1Mb or more:
data 1.2Mb
doc 2.2Mb
libs 6.9Mb
Flavors: r-oldrel-macos-arm64, r-oldrel-macos-x86_64