Last updated on 2024-07-18 01:55:28 CEST.
Flavor | Version | Tinstall | Tcheck | Ttotal | Status | Flags |
---|---|---|---|---|---|---|
r-devel-linux-x86_64-debian-clang | 1.0-0 | 2.44 | 34.89 | 37.33 | OK | |
r-devel-linux-x86_64-debian-gcc | 1.0-0 | 2.30 | 25.96 | 28.26 | OK | |
r-devel-linux-x86_64-fedora-clang | 1.0-0 | 50.59 | OK | |||
r-devel-linux-x86_64-fedora-gcc | 1.0-0 | 57.03 | OK | |||
r-devel-windows-x86_64 | 1.0-0 | 4.00 | 49.00 | 53.00 | NOTE | |
r-patched-linux-x86_64 | 1.0-0 | 3.10 | 32.05 | 35.15 | OK | |
r-release-linux-x86_64 | 1.0-0 | 2.86 | 33.32 | 36.18 | OK | |
r-release-macos-arm64 | 1.0-0 | 24.00 | OK | |||
r-release-macos-x86_64 | 1.0-0 | 36.00 | OK | |||
r-release-windows-x86_64 | 1.0-0 | 3.00 | 49.00 | 52.00 | OK | |
r-oldrel-macos-arm64 | 1.0-0 | 25.00 | OK | |||
r-oldrel-macos-x86_64 | 1.0-0 | 38.00 | OK | |||
r-oldrel-windows-x86_64 | 1.0-0 | 3.00 | 55.00 | 58.00 | OK |
Version: 1.0-0
Check: Rd cross-references
Result: NOTE
Found the following Rd file(s) with Rd \link{} targets missing package
anchors:
cordillera.Rd: optics
Please provide package anchors for all Rd \link{} targets not in the
package itself and the base packages.
Flavor: r-devel-windows-x86_64