Last updated on 2025-11-03 12:49:48 CET.
| Flavor | Version | Tinstall | Tcheck | Ttotal | Status | Flags | 
|---|---|---|---|---|---|---|
| r-devel-linux-x86_64-debian-clang | 1.2.1 | 4.30 | 38.78 | 43.08 | NOTE | |
| r-devel-linux-x86_64-debian-gcc | 1.2.1 | 3.16 | 27.65 | 30.81 | NOTE | |
| r-devel-linux-x86_64-fedora-clang | 1.2.1 | 25.00 | 46.57 | 71.57 | OK | |
| r-devel-linux-x86_64-fedora-gcc | 1.2.1 | 62.13 | OK | |||
| r-devel-windows-x86_64 | 1.2.1 | 5.00 | 52.00 | 57.00 | OK | |
| r-patched-linux-x86_64 | 1.2.1 | 4.42 | 37.02 | 41.44 | OK | |
| r-release-linux-x86_64 | 1.2.1 | 4.20 | 36.72 | 40.92 | OK | |
| r-release-macos-arm64 | 1.2.1 | 2.00 | 21.00 | 23.00 | OK | |
| r-release-macos-x86_64 | 1.2.1 | 3.00 | 33.00 | 36.00 | OK | |
| r-release-windows-x86_64 | 1.2.1 | 5.00 | 52.00 | 57.00 | OK | |
| r-oldrel-macos-arm64 | 1.2.1 | 2.00 | 19.00 | 21.00 | OK | |
| r-oldrel-macos-x86_64 | 1.2.1 | 3.00 | 28.00 | 31.00 | OK | |
| r-oldrel-windows-x86_64 | 1.2.1 | 7.00 | 63.00 | 70.00 | OK | 
Version: 1.2.1
Check: CRAN incoming feasibility
Result: NOTE
  Maintainer: ‘Carl Witthoft <cellocgw@gmail.com>’
  
  No Authors@R field in DESCRIPTION.
  Please add one, modifying
    Authors@R: person(given = "Carl",
                      family = "Witthoft",
                      role = c("aut", "cre"),
                      email = "cellocgw@gmail.com")
  as necessary.
Flavors: r-devel-linux-x86_64-debian-clang, r-devel-linux-x86_64-debian-gcc