Last updated on 2024-08-17 02:48:10 CEST.
Flavor | Version | Tinstall | Tcheck | Ttotal | Status | Flags |
---|---|---|---|---|---|---|
r-devel-linux-x86_64-debian-clang | 1.3.3 | 165.74 | 63.83 | 229.57 | OK | |
r-devel-linux-x86_64-debian-gcc | 1.3.3 | 103.72 | 49.85 | 153.57 | OK | |
r-devel-linux-x86_64-fedora-clang | 1.3.3 | 367.40 | OK | |||
r-devel-linux-x86_64-fedora-gcc | 1.3.3 | 417.48 | OK | |||
r-devel-windows-x86_64 | 1.3.3 | 136.00 | 105.00 | 241.00 | OK | |
r-patched-linux-x86_64 | 1.3.3 | 144.89 | 62.20 | 207.09 | OK | |
r-release-linux-x86_64 | 1.3.3 | 146.34 | 64.58 | 210.92 | OK | |
r-release-macos-arm64 | 1.3.3 | 92.00 | NOTE | |||
r-release-macos-x86_64 | 1.3.3 | 117.00 | NOTE | |||
r-release-windows-x86_64 | 1.3.3 | 142.00 | 103.00 | 245.00 | OK | |
r-oldrel-macos-arm64 | 1.3.3 | 113.00 | NOTE | |||
r-oldrel-macos-x86_64 | 1.3.3 | 203.00 | NOTE | |||
r-oldrel-windows-x86_64 | 1.3.3 | 165.00 | 125.00 | 290.00 | OK |
Version: 1.3.3
Check: installed package size
Result: NOTE
installed size is 19.7Mb
sub-directories of 1Mb or more:
libs 19.4Mb
Flavors: r-release-macos-arm64, r-release-macos-x86_64, r-oldrel-macos-arm64, r-oldrel-macos-x86_64