Last updated on 2024-06-14 00:53:38 CEST.
Flavor | Version | Tinstall | Tcheck | Ttotal | Status | Flags |
---|---|---|---|---|---|---|
r-devel-linux-x86_64-debian-clang | 0.7.0 | 5.57 | 67.78 | 73.35 | OK | |
r-devel-linux-x86_64-debian-gcc | 0.7.0 | 0.31 | 1.71 | 2.02 | ERROR | |
r-devel-linux-x86_64-fedora-clang | 0.7.0 | 92.13 | OK | |||
r-devel-linux-x86_64-fedora-gcc | 0.7.0 | 88.67 | OK | |||
r-devel-windows-x86_64 | 0.7.0 | 7.00 | 65.00 | 72.00 | OK | |
r-patched-linux-x86_64 | 0.7.0 | 6.50 | 66.32 | 72.82 | OK | |
r-release-linux-x86_64 | 0.7.0 | 4.83 | 66.24 | 71.07 | OK | |
r-release-macos-arm64 | 0.7.0 | 28.00 | OK | |||
r-release-macos-x86_64 | 0.7.0 | 44.00 | OK | |||
r-release-windows-x86_64 | 0.7.0 | 7.00 | 68.00 | 75.00 | OK | |
r-oldrel-macos-arm64 | 0.7.0 | 29.00 | OK | |||
r-oldrel-macos-x86_64 | 0.7.0 | 45.00 | OK | |||
r-oldrel-windows-x86_64 | 0.7.0 | 9.00 | 79.00 | 88.00 | OK |
Version: 0.7.0
Check: package dependencies
Result: ERROR
Package required but not available: ‘ggplot2’
See section ‘The DESCRIPTION file’ in the ‘Writing R Extensions’
manual.
Flavor: r-devel-linux-x86_64-debian-gcc