Last updated on 2025-11-03 12:49:48 CET.
| Flavor | Version | Tinstall | Tcheck | Ttotal | Status | Flags | 
|---|---|---|---|---|---|---|
| r-devel-linux-x86_64-debian-clang | 0.3.9 | 50.46 | 35.45 | 85.91 | NOTE | |
| r-devel-linux-x86_64-debian-gcc | 0.3.9 | 39.18 | 26.77 | 65.95 | NOTE | |
| r-devel-linux-x86_64-fedora-clang | 0.3.9 | 68.00 | 80.32 | 148.32 | NOTE | |
| r-devel-linux-x86_64-fedora-gcc | 0.3.9 | 93.00 | 62.34 | 155.34 | NOTE | |
| r-devel-windows-x86_64 | 0.3.9 | 61.00 | 75.00 | 136.00 | NOTE | |
| r-patched-linux-x86_64 | 0.3.9 | 56.86 | 32.40 | 89.26 | NOTE | |
| r-release-linux-x86_64 | 0.3.9 | 55.73 | 32.10 | 87.83 | NOTE | |
| r-release-macos-arm64 | 0.3.9 | 18.00 | 21.00 | 39.00 | NOTE | |
| r-release-macos-x86_64 | 0.3.9 | 22.00 | 34.00 | 56.00 | NOTE | |
| r-release-windows-x86_64 | 0.3.9 | 60.00 | 78.00 | 138.00 | NOTE | |
| r-oldrel-macos-arm64 | 0.3.9 | 17.00 | 21.00 | 38.00 | NOTE | |
| r-oldrel-macos-x86_64 | 0.3.9 | 18.00 | 34.00 | 52.00 | NOTE | |
| r-oldrel-windows-x86_64 | 0.3.9 | 71.00 | 97.00 | 168.00 | NOTE | 
Version: 0.3.9
Check: Rd files
Result: NOTE
  checkRd: (-1) colour_values.Rd:143: Lost braces in \itemize; meant \describe ?
  checkRd: (-1) colour_values.Rd:144: Lost braces in \itemize; meant \describe ?
  checkRd: (-1) colour_values_rgb.Rd:143: Lost braces in \itemize; meant \describe ?
  checkRd: (-1) colour_values_rgb.Rd:144: Lost braces in \itemize; meant \describe ?
Flavors: r-devel-linux-x86_64-debian-clang, r-devel-linux-x86_64-debian-gcc, r-devel-linux-x86_64-fedora-clang, r-devel-linux-x86_64-fedora-gcc, r-devel-windows-x86_64, r-patched-linux-x86_64, r-release-linux-x86_64, r-release-macos-arm64, r-release-macos-x86_64, r-release-windows-x86_64, r-oldrel-macos-arm64, r-oldrel-macos-x86_64, r-oldrel-windows-x86_64
Version: 0.3.9
Check: installed package size
Result: NOTE
    installed size is  7.0Mb
    sub-directories of 1Mb or more:
      libs   5.7Mb
Flavors: r-oldrel-macos-arm64, r-oldrel-macos-x86_64