Last updated on 2025-11-21 12:49:45 CET.
| Flavor | Version | Tinstall | Tcheck | Ttotal | Status | Flags |
|---|---|---|---|---|---|---|
| r-devel-linux-x86_64-debian-clang | 1.1 | 4.28 | 19.03 | 23.31 | OK | |
| r-devel-linux-x86_64-debian-gcc | 1.1 | 3.63 | 16.17 | 19.80 | OK | |
| r-devel-linux-x86_64-fedora-clang | 1.1 | 14.00 | 24.62 | 38.62 | NOTE | |
| r-devel-linux-x86_64-fedora-gcc | 1.1 | 33.30 | NOTE | |||
| r-devel-windows-x86_64 | 1.1 | 8.00 | 39.00 | 47.00 | OK | |
| r-patched-linux-x86_64 | 1.1 | 4.39 | 17.93 | 22.32 | OK | |
| r-release-linux-x86_64 | 1.1 | 4.76 | 17.72 | 22.48 | OK | |
| r-release-macos-arm64 | 1.1 | OK | ||||
| r-release-macos-x86_64 | 1.1 | 4.00 | 19.00 | 23.00 | OK | |
| r-release-windows-x86_64 | 1.1 | 9.00 | 38.00 | 47.00 | OK | |
| r-oldrel-macos-arm64 | 1.1 | OK | ||||
| r-oldrel-macos-x86_64 | 1.1 | 4.00 | 18.00 | 22.00 | OK | |
| r-oldrel-windows-x86_64 | 1.1 | 6.00 | 39.00 | 45.00 | OK |
Version: 1.1
Check: compiled code
Result: NOTE
File ‘clustering.sc.dp/libs/clustering.sc.dp.so’:
Found no calls to: ‘R_registerRoutines’, ‘R_useDynamicSymbols’
It is good practice to register native routines and to disable symbol
search.
See ‘Writing portable packages’ in the ‘Writing R Extensions’ manual.
Flavors: r-devel-linux-x86_64-fedora-clang, r-devel-linux-x86_64-fedora-gcc