Last updated on 2025-11-03 12:49:48 CET.
| Flavor | Version | Tinstall | Tcheck | Ttotal | Status | Flags | 
|---|---|---|---|---|---|---|
| r-devel-linux-x86_64-debian-clang | 0.4-2 | 7.45 | 333.42 | 340.87 | NOTE | |
| r-devel-linux-x86_64-debian-gcc | 0.4-2 | 4.30 | 188.84 | 193.14 | NOTE | |
| r-devel-linux-x86_64-fedora-clang | 0.4-2 | 14.00 | 534.47 | 548.47 | OK | |
| r-devel-linux-x86_64-fedora-gcc | 0.4-2 | 30.00 | 543.38 | 573.38 | OK | |
| r-devel-windows-x86_64 | 0.4-2 | 9.00 | 271.00 | 280.00 | OK | |
| r-patched-linux-x86_64 | 0.4-2 | 6.87 | 314.63 | 321.50 | OK | |
| r-release-linux-x86_64 | 0.4-2 | 7.11 | 317.23 | 324.34 | OK | |
| r-release-macos-arm64 | 0.4-2 | 4.00 | 113.00 | 117.00 | OK | |
| r-release-macos-x86_64 | 0.4-2 | 6.00 | 255.00 | 261.00 | OK | |
| r-release-windows-x86_64 | 0.4-2 | 8.00 | 274.00 | 282.00 | OK | |
| r-oldrel-macos-arm64 | 0.4-2 | 3.00 | 118.00 | 121.00 | OK | |
| r-oldrel-macos-x86_64 | 0.4-2 | 8.00 | 350.00 | 358.00 | OK | |
| r-oldrel-windows-x86_64 | 0.4-2 | 12.00 | 392.00 | 404.00 | OK | 
Version: 0.4-2
Check: CRAN incoming feasibility
Result: NOTE
  Maintainer: ‘Gero Szepannek <gero.szepannek@web.de>’
  
  No Authors@R field in DESCRIPTION.
  Please add one, modifying
    Authors@R: c(person(given = "Gero",
                        family = "Szepannek",
                        role = c("aut", "cre"),
                        email = "gero.szepannek@web.de"),
                 person(given = "Rabea",
                        family = "Aschenbruck",
                        role = "aut"))
  as necessary.
Flavors: r-devel-linux-x86_64-debian-clang, r-devel-linux-x86_64-debian-gcc