Last updated on 2024-07-18 01:55:27 CEST.
Flavor | Version | Tinstall | Tcheck | Ttotal | Status | Flags |
---|---|---|---|---|---|---|
r-devel-linux-x86_64-debian-clang | 1.0.1 | 10.83 | 154.81 | 165.64 | OK | |
r-devel-linux-x86_64-debian-gcc | 1.0.1 | 6.90 | 114.91 | 121.81 | OK | |
r-devel-linux-x86_64-fedora-clang | 1.0.1 | 178.71 | OK | |||
r-devel-linux-x86_64-fedora-gcc | 1.0.1 | 160.48 | OK | |||
r-devel-windows-x86_64 | 1.0.1 | 11.00 | 124.00 | 135.00 | NOTE | |
r-patched-linux-x86_64 | 1.0.1 | 16.35 | 147.88 | 164.23 | OK | |
r-release-linux-x86_64 | 1.0.1 | 6.32 | 146.63 | 152.95 | OK | |
r-release-macos-arm64 | 1.0.1 | 64.00 | OK | |||
r-release-macos-x86_64 | 1.0.1 | 104.00 | OK | |||
r-release-windows-x86_64 | 1.0.1 | 11.00 | 122.00 | 133.00 | OK | |
r-oldrel-macos-arm64 | 1.0.1 | 89.00 | OK | |||
r-oldrel-macos-x86_64 | 1.0.1 | 182.00 | OK | |||
r-oldrel-windows-x86_64 | 1.0.1 | 14.00 | 149.00 | 163.00 | OK |
Version: 1.0.1
Check: Rd cross-references
Result: NOTE
Found the following Rd file(s) with Rd \link{} targets missing package
anchors:
boot.cgaim.Rd: doParallel
Please provide package anchors for all Rd \link{} targets not in the
package itself and the base packages.
Flavor: r-devel-windows-x86_64