Last updated on 2025-11-03 12:49:48 CET.
| Flavor | Version | Tinstall | Tcheck | Ttotal | Status | Flags |
|---|---|---|---|---|---|---|
| r-devel-linux-x86_64-debian-clang | 0.5-38 | 5.18 | 85.65 | 90.83 | NOTE | |
| r-devel-linux-x86_64-debian-gcc | 0.5-38 | 4.26 | 59.03 | 63.29 | NOTE | |
| r-devel-linux-x86_64-fedora-clang | 0.5-38 | 12.00 | 124.33 | 136.33 | OK | |
| r-devel-linux-x86_64-fedora-gcc | 0.5-38 | 22.00 | 143.31 | 165.31 | OK | |
| r-devel-windows-x86_64 | 0.5-38 | 6.00 | 113.00 | 119.00 | OK | |
| r-patched-linux-x86_64 | 0.5-38 | 5.55 | 78.77 | 84.32 | OK | |
| r-release-linux-x86_64 | 0.5-38 | 5.34 | 78.90 | 84.24 | OK | |
| r-release-macos-arm64 | 0.5-38 | 2.00 | 55.00 | 57.00 | OK | |
| r-release-macos-x86_64 | 0.5-38 | 7.00 | 128.00 | 135.00 | OK | |
| r-release-windows-x86_64 | 0.5-38 | 7.00 | 111.00 | 118.00 | OK | |
| r-oldrel-macos-arm64 | 0.5-38 | 3.00 | 59.00 | 62.00 | OK | |
| r-oldrel-macos-x86_64 | 0.5-38 | 4.00 | 81.00 | 85.00 | OK | |
| r-oldrel-windows-x86_64 | 0.5-38 | 8.00 | 130.00 | 138.00 | OK |
Version: 0.5-38
Check: CRAN incoming feasibility
Result: NOTE
Maintainer: ‘Arne Henningsen <arne.henningsen@gmail.com>’
No Authors@R field in DESCRIPTION.
Please add one, modifying
Authors@R: person(given = "Arne",
family = "Henningsen",
role = c("aut", "cre"),
email = "arne.henningsen@gmail.com")
as necessary.
Flavors: r-devel-linux-x86_64-debian-clang, r-devel-linux-x86_64-debian-gcc