CRAN Package Check Results for Package celestial

Last updated on 2025-07-03 00:50:48 CEST.

Flavor Version Tinstall Tcheck Ttotal Status Flags
r-devel-linux-x86_64-debian-clang 1.4.6 6.83 45.43 52.26 NOTE
r-devel-linux-x86_64-debian-gcc 1.4.6 5.24 31.38 36.62 NOTE
r-devel-linux-x86_64-fedora-clang 1.4.6 82.19 OK
r-devel-linux-x86_64-fedora-gcc 1.4.6 71.42 OK
r-devel-windows-x86_64 1.4.6 7.00 65.00 72.00 OK
r-patched-linux-x86_64 1.4.6 8.74 42.32 51.06 OK
r-release-linux-x86_64 1.4.6 6.82 42.34 49.16 OK
r-release-macos-arm64 1.4.6 29.00 OK
r-release-macos-x86_64 1.4.6 51.00 OK
r-release-windows-x86_64 1.4.6 8.00 64.00 72.00 OK
r-oldrel-macos-arm64 1.4.6 23.00 OK
r-oldrel-macos-x86_64 1.4.6 35.00 OK
r-oldrel-windows-x86_64 1.4.6 9.00 73.00 82.00 OK

Check Details

Version: 1.4.6
Check: CRAN incoming feasibility
Result: NOTE Maintainer: ‘Aaron Robotham <aaron.robotham@uwa.edu.au>’ No Authors@R field in DESCRIPTION. Please add one, modifying Authors@R: person(given = "Aaron", family = "Robotham", role = c("aut", "cre"), email = "aaron.robotham@uwa.edu.au") as necessary. Flavors: r-devel-linux-x86_64-debian-clang, r-devel-linux-x86_64-debian-gcc