Last updated on 2024-07-18 01:55:27 CEST.
Flavor | Version | Tinstall | Tcheck | Ttotal | Status | Flags |
---|---|---|---|---|---|---|
r-devel-linux-x86_64-debian-clang | 1.0.3 | 8.04 | 95.96 | 104.00 | OK | |
r-devel-linux-x86_64-debian-gcc | 1.0.3 | 9.04 | 70.14 | 79.18 | OK | |
r-devel-linux-x86_64-fedora-clang | 1.0.3 | 130.20 | OK | |||
r-devel-linux-x86_64-fedora-gcc | 1.0.3 | 126.81 | OK | |||
r-devel-windows-x86_64 | 1.0.3 | 10.00 | 88.00 | 98.00 | NOTE | |
r-patched-linux-x86_64 | 1.0.3 | 15.24 | 90.95 | 106.19 | OK | |
r-release-linux-x86_64 | 1.0.3 | 12.09 | 89.12 | 101.21 | OK | |
r-release-macos-arm64 | 1.0.3 | 37.00 | OK | |||
r-release-macos-x86_64 | 1.0.3 | 69.00 | OK | |||
r-release-windows-x86_64 | 1.0.3 | 10.00 | 90.00 | 100.00 | OK | |
r-oldrel-macos-arm64 | 1.0.3 | 50.00 | OK | |||
r-oldrel-macos-x86_64 | 1.0.3 | 70.00 | OK | |||
r-oldrel-windows-x86_64 | 1.0.3 | 13.00 | 102.00 | 115.00 | OK |
Version: 1.0.3
Check: Rd cross-references
Result: NOTE
Found the following Rd file(s) with Rd \link{} targets missing package
anchors:
G.start.Rd: lsei
cds.Rd: lsei
cdstoclue.Rd: cl_agreement
gen.cop.Rd: copClayton
group.ALS.Rd: lsei
Please provide package anchors for all Rd \link{} targets not in the
package itself and the base packages.
Flavor: r-devel-windows-x86_64