Last updated on 2025-11-03 12:49:47 CET.
| Flavor | Version | Tinstall | Tcheck | Ttotal | Status | Flags | 
|---|---|---|---|---|---|---|
| r-devel-linux-x86_64-debian-clang | 0.1.3 | 1.87 | 29.11 | 30.98 | NOTE | |
| r-devel-linux-x86_64-debian-gcc | 0.1.3 | 1.52 | 21.61 | 23.13 | NOTE | |
| r-devel-linux-x86_64-fedora-clang | 0.1.3 | 47.04 | OK | |||
| r-devel-linux-x86_64-fedora-gcc | 0.1.3 | 63.49 | OK | |||
| r-devel-windows-x86_64 | 0.1.3 | 3.00 | 43.00 | 46.00 | OK | |
| r-patched-linux-x86_64 | 0.1.3 | 1.91 | 27.63 | 29.54 | OK | |
| r-release-linux-x86_64 | 0.1.3 | 1.78 | 24.73 | 26.51 | OK | |
| r-release-macos-arm64 | 0.1.3 | 1.00 | 34.00 | 35.00 | OK | |
| r-release-macos-x86_64 | 0.1.3 | 2.00 | 40.00 | 42.00 | OK | |
| r-release-windows-x86_64 | 0.1.3 | 3.00 | 42.00 | 45.00 | OK | |
| r-oldrel-macos-arm64 | 0.1.3 | 1.00 | 27.00 | 28.00 | OK | |
| r-oldrel-macos-x86_64 | 0.1.3 | 1.00 | 38.00 | 39.00 | OK | |
| r-oldrel-windows-x86_64 | 0.1.3 | 4.00 | 51.00 | 55.00 | OK | 
Version: 0.1.3
Check: CRAN incoming feasibility
Result: NOTE
  Maintainer: ‘Matthew Blackwell <mblackwell@gov.harvard.edu>’
  
  No Authors@R field in DESCRIPTION.
  Please add one, modifying
    Authors@R: person(given = "Matthew",
                      family = "Blackwell",
                      role = c("aut", "cre"),
                      email = "mblackwell@gov.harvard.edu.edu")
  as necessary.
Flavors: r-devel-linux-x86_64-debian-clang, r-devel-linux-x86_64-debian-gcc