Last updated on 2024-06-14 13:56:16 CEST.
Flavor | Version | Tinstall | Tcheck | Ttotal | Status | Flags |
---|---|---|---|---|---|---|
r-devel-linux-x86_64-debian-clang | 1.0.1 | 37.49 | 291.83 | 329.32 | NOTE | |
r-devel-linux-x86_64-debian-gcc | 1.0.1 | 24.46 | 238.36 | 262.82 | NOTE | |
r-devel-linux-x86_64-fedora-clang | 1.0.1 | 443.32 | NOTE | |||
r-devel-linux-x86_64-fedora-gcc | 1.0.1 | 471.89 | NOTE | |||
r-devel-windows-x86_64 | 1.0.1 | 31.00 | 397.00 | 428.00 | NOTE | |
r-patched-linux-x86_64 | 1.0.1 | 32.98 | 305.41 | 338.39 | OK | |
r-release-linux-x86_64 | 1.0.1 | 29.92 | 315.99 | 345.91 | OK | |
r-release-macos-arm64 | 1.0.1 | 133.00 | OK | |||
r-release-macos-x86_64 | 1.0.1 | 222.00 | OK | |||
r-release-windows-x86_64 | 1.0.1 | 30.00 | 385.00 | 415.00 | OK | |
r-oldrel-macos-arm64 | 1.0.1 | 157.00 | OK | |||
r-oldrel-macos-x86_64 | 1.0.1 | 456.00 | OK | |||
r-oldrel-windows-x86_64 | 1.0.1 | 29.00 | 453.00 | 482.00 | OK |
Version: 1.0.1
Check: compiled code
Result: NOTE
File ‘carbondate/libs/carbondate.so’:
Found non-API calls to R: ‘SETLENGTH’, ‘SET_TRUELENGTH’
Compiled code should not call non-API entry points in R.
See ‘Writing portable packages’ in the ‘Writing R Extensions’ manual.
Flavors: r-devel-linux-x86_64-debian-clang, r-devel-linux-x86_64-debian-gcc
Version: 1.0.1
Check: compiled code
Result: NOTE
File ‘carbondate/libs/carbondate.so’:
Found non-API calls to R: ‘SETLENGTH’, ‘SET_GROWABLE_BIT’,
‘SET_TRUELENGTH’
Compiled code should not call non-API entry points in R.
See ‘Writing portable packages’ in the ‘Writing R Extensions’ manual.
Flavors: r-devel-linux-x86_64-fedora-clang, r-devel-linux-x86_64-fedora-gcc
Version: 1.0.1
Check: compiled code
Result: NOTE
File 'carbondate/libs/x64/carbondate.dll':
Found non-API calls to R: 'SETLENGTH', 'SET_TRUELENGTH'
Compiled code should not call non-API entry points in R.
See 'Writing portable packages' in the 'Writing R Extensions' manual.
Flavor: r-devel-windows-x86_64