CRAN Package Check Results for Package calibrator

Last updated on 2025-07-03 13:48:30 CEST.

Flavor Version Tinstall Tcheck Ttotal Status Flags
r-devel-linux-x86_64-debian-clang 1.2-8 4.30 50.59 54.89 NOTE
r-devel-linux-x86_64-debian-gcc 1.2-8 2.83 38.30 41.13 NOTE
r-devel-linux-x86_64-fedora-clang 1.2-8 84.07 OK
r-devel-linux-x86_64-fedora-gcc 1.2-8 94.14 OK
r-devel-windows-x86_64 1.2-8 6.00 92.00 98.00 OK
r-patched-linux-x86_64 1.2-8 5.97 47.67 53.64 OK
r-release-linux-x86_64 1.2-8 4.27 47.58 51.85 OK
r-release-macos-arm64 1.2-8 35.00 OK
r-release-macos-x86_64 1.2-8 93.00 OK
r-release-windows-x86_64 1.2-8 7.00 98.00 105.00 OK
r-oldrel-macos-arm64 1.2-8 36.00 OK
r-oldrel-macos-x86_64 1.2-8 82.00 OK
r-oldrel-windows-x86_64 1.2-8 7.00 100.00 107.00 OK

Check Details

Version: 1.2-8
Check: CRAN incoming feasibility
Result: NOTE Maintainer: ‘Robin K. S. Hankin <hankin.robin@gmail.com>’ Package CITATION file contains call(s) to old-style citEntry(). Please use bibentry() instead. Flavors: r-devel-linux-x86_64-debian-clang, r-devel-linux-x86_64-debian-gcc