CRAN Package Check Results for Package bumbl

Last updated on 2025-07-04 00:49:59 CEST.

Flavor Version Tinstall Tcheck Ttotal Status Flags
r-devel-linux-x86_64-debian-clang 1.0.3 6.64 148.42 155.06 NOTE
r-devel-linux-x86_64-debian-gcc 1.0.3 4.31 97.68 101.99 NOTE
r-devel-linux-x86_64-fedora-clang 1.0.3 240.22 OK
r-devel-linux-x86_64-fedora-gcc 1.0.3 234.05 OK
r-devel-windows-x86_64 1.0.3 8.00 131.00 139.00 NOTE
r-patched-linux-x86_64 1.0.3 6.05 139.02 145.07 NOTE
r-release-linux-x86_64 1.0.3 5.35 137.73 143.08 NOTE
r-release-macos-arm64 1.0.3 96.00 OK
r-release-macos-x86_64 1.0.3 190.00 OK
r-release-windows-x86_64 1.0.3 9.00 137.00 146.00 NOTE
r-oldrel-macos-arm64 1.0.3 66.00 OK
r-oldrel-macos-x86_64 1.0.3 95.00 OK
r-oldrel-windows-x86_64 1.0.3 10.00 194.00 204.00 OK

Check Details

Version: 1.0.3
Check: Rd cross-references
Result: NOTE Found the following Rd file(s) with Rd \link{} targets missing package anchors: brkpt.Rd: glm.nb Please provide package anchors for all Rd \link{} targets not in the package itself and the base packages. Flavors: r-devel-linux-x86_64-debian-clang, r-devel-linux-x86_64-debian-gcc, r-devel-windows-x86_64, r-patched-linux-x86_64, r-release-linux-x86_64, r-release-windows-x86_64