Last updated on 2025-07-04 00:49:59 CEST.
Flavor | Version | Tinstall | Tcheck | Ttotal | Status | Flags |
---|---|---|---|---|---|---|
r-devel-linux-x86_64-debian-clang | 0.3.1 | 7.88 | 64.33 | 72.21 | NOTE | |
r-devel-linux-x86_64-debian-gcc | 0.3.1 | 5.49 | 48.35 | 53.84 | NOTE | |
r-devel-linux-x86_64-fedora-clang | 0.3.1 | 113.50 | NOTE | |||
r-devel-linux-x86_64-fedora-gcc | 0.3.1 | 122.41 | NOTE | |||
r-devel-windows-x86_64 | 0.3.1 | 10.00 | 74.00 | 84.00 | NOTE | |
r-patched-linux-x86_64 | 0.3.1 | 8.02 | 59.50 | 67.52 | NOTE | |
r-release-linux-x86_64 | 0.3.1 | 7.19 | 60.43 | 67.62 | NOTE | |
r-release-macos-arm64 | 0.3.1 | 50.00 | NOTE | |||
r-release-macos-x86_64 | 0.3.1 | 78.00 | NOTE | |||
r-release-windows-x86_64 | 0.3.1 | 11.00 | 74.00 | 85.00 | NOTE | |
r-oldrel-macos-arm64 | 0.3.1 | 47.00 | OK | |||
r-oldrel-macos-x86_64 | 0.3.1 | 82.00 | OK | |||
r-oldrel-windows-x86_64 | 0.3.1 | 13.00 | 91.00 | 104.00 | OK |
Version: 0.3.1
Check: DESCRIPTION meta-information
Result: NOTE
Missing dependency on R >= 4.1.0 because package code uses the pipe
|> or function shorthand \(...) syntax added in R 4.1.0.
File(s) using such syntax:
‘census2021.Rd’
Flavors: r-devel-linux-x86_64-debian-clang, r-devel-linux-x86_64-debian-gcc, r-devel-linux-x86_64-fedora-clang, r-devel-linux-x86_64-fedora-gcc, r-devel-windows-x86_64, r-patched-linux-x86_64, r-release-linux-x86_64, r-release-macos-arm64, r-release-macos-x86_64, r-release-windows-x86_64