Last updated on 2024-07-18 01:55:27 CEST.
Flavor | Version | Tinstall | Tcheck | Ttotal | Status | Flags |
---|---|---|---|---|---|---|
r-devel-linux-x86_64-debian-clang | 0.5 | 14.08 | 114.54 | 128.62 | OK | |
r-devel-linux-x86_64-debian-gcc | 0.5 | 10.47 | 81.55 | 92.02 | OK | |
r-devel-linux-x86_64-fedora-clang | 0.5 | 157.67 | OK | |||
r-devel-linux-x86_64-fedora-gcc | 0.5 | 172.30 | OK | |||
r-devel-windows-x86_64 | 0.5 | 12.00 | 104.00 | 116.00 | NOTE | |
r-patched-linux-x86_64 | 0.5 | 19.60 | 104.21 | 123.81 | OK | |
r-release-linux-x86_64 | 0.5 | 12.65 | 106.58 | 119.23 | OK | |
r-release-macos-arm64 | 0.5 | 59.00 | OK | |||
r-release-macos-x86_64 | 0.5 | 89.00 | OK | |||
r-release-windows-x86_64 | 0.5 | 13.00 | 104.00 | 117.00 | OK | |
r-oldrel-macos-arm64 | 0.5 | 71.00 | OK | |||
r-oldrel-macos-x86_64 | 0.5 | 103.00 | OK | |||
r-oldrel-windows-x86_64 | 0.5 | 17.00 | 126.00 | 143.00 | OK |
Version: 0.5
Check: Rd cross-references
Result: NOTE
Found the following Rd file(s) with Rd \link{} targets missing package
anchors:
bmem.Rd: sem
power.bmem.Rd: model.syntax
power.curve.Rd: model.syntax
summary.power.Rd: lavaan
Please provide package anchors for all Rd \link{} targets not in the
package itself and the base packages.
Flavor: r-devel-windows-x86_64